CRAN Package Check Results for Package GLSME

Last updated on 2024-06-24 05:48:15 CEST.

Flavor Version Tinstall Tcheck Ttotal Status Flags
r-devel-linux-x86_64-debian-clang 1.0.5 3.60 34.37 37.97 NOTE
r-devel-linux-x86_64-debian-gcc 1.0.5 2.41 25.09 27.50 NOTE
r-devel-linux-x86_64-fedora-clang 1.0.5 46.06 NOTE
r-devel-linux-x86_64-fedora-gcc 1.0.5 43.02 NOTE
r-devel-windows-x86_64 1.0.5 5.00 52.00 57.00 NOTE
r-patched-linux-x86_64 1.0.5 2.61 31.25 33.86 NOTE
r-release-linux-x86_64 1.0.5 3.45 31.86 35.31 NOTE
r-release-macos-arm64 1.0.5 17.00 NOTE
r-release-macos-x86_64 1.0.5 25.00 NOTE
r-release-windows-x86_64 1.0.5 4.00 51.00 55.00 NOTE
r-oldrel-macos-arm64 1.0.5 19.00 OK
r-oldrel-macos-x86_64 1.0.5 29.00 OK
r-oldrel-windows-x86_64 1.0.5 4.00 55.00 59.00 OK

Check Details

Version: 1.0.5
Check: Rd files
Result: NOTE checkRd: (-1) GLSME.Rd:68: Lost braces in \itemize; meant \describe ? checkRd: (-1) GLSME.Rd:69: Lost braces in \itemize; meant \describe ? checkRd: (-1) GLSME.Rd:70: Lost braces in \itemize; meant \describe ? checkRd: (-1) GLSME.Rd:104: Lost braces in \itemize; meant \describe ? checkRd: (-1) GLSME.Rd:105-108: Lost braces in \itemize; meant \describe ? checkRd: (-1) GLSME.Rd:109-111: Lost braces in \itemize; meant \describe ? checkRd: (-1) GLSME.Rd:119: Lost braces in \itemize; meant \describe ? checkRd: (-1) GLSME.Rd:120-122: Lost braces in \itemize; meant \describe ? checkRd: (-1) GLSME.Rd:123-125: Lost braces in \itemize; meant \describe ? checkRd: (-1) GLSME.Rd:126-128: Lost braces in \itemize; meant \describe ? checkRd: (-1) GLSME.Rd:129-136: Lost braces in \itemize; meant \describe ? checkRd: (-1) GLSME.Rd:137: Lost braces in \itemize; meant \describe ? checkRd: (-1) GLSME.Rd:143: Lost braces in \itemize; \value handles \item{}{} directly checkRd: (-1) GLSME.Rd:144: Lost braces in \itemize; \value handles \item{}{} directly checkRd: (-1) GLSME.Rd:145: Lost braces in \itemize; \value handles \item{}{} directly checkRd: (-1) GLSME.Rd:146: Lost braces in \itemize; \value handles \item{}{} directly checkRd: (-1) GLSME.Rd:147: Lost braces in \itemize; \value handles \item{}{} directly checkRd: (-1) GLSME.Rd:148: Lost braces in \itemize; \value handles \item{}{} directly checkRd: (-1) GLSME.Rd:149: Lost braces in \itemize; \value handles \item{}{} directly checkRd: (-1) GLSME.Rd:150: Lost braces in \itemize; \value handles \item{}{} directly checkRd: (-1) GLSME.Rd:152: Lost braces in \itemize; \value handles \item{}{} directly checkRd: (-1) GLSME.Rd:153: Lost braces in \itemize; \value handles \item{}{} directly checkRd: (-1) GLSME.Rd:154: Lost braces in \itemize; \value handles \item{}{} directly checkRd: (-1) GLSME.Rd:155: Lost braces in \itemize; \value handles \item{}{} directly checkRd: (-1) GLSME.Rd:156: Lost braces in \itemize; \value handles \item{}{} directly checkRd: (-1) GLSME.Rd:157: Lost braces in \itemize; \value handles \item{}{} directly checkRd: (-1) GLSME.Rd:158: Lost braces in \itemize; \value handles \item{}{} directly checkRd: (-1) GLSME.Rd:159: Lost braces in \itemize; \value handles \item{}{} directly checkRd: (-1) GLSME.predict.Rd:25: Lost braces in \itemize; \value handles \item{}{} directly checkRd: (-1) GLSME.predict.Rd:26-29: Lost braces in \itemize; \value handles \item{}{} directly checkRd: (-1) GLSME.predict.Rd:30-35: Lost braces in \itemize; \value handles \item{}{} directly checkRd: (-1) GLSME.predict.Rd:40: Lost braces in \itemize; \value handles \item{}{} directly checkRd: (-1) GLSME.predict.Rd:41-44: Lost braces in \itemize; \value handles \item{}{} directly checkRd: (-1) GLSME.predict.Rd:45-49: Lost braces in \itemize; \value handles \item{}{} directly Flavors: r-devel-linux-x86_64-debian-clang, r-devel-linux-x86_64-debian-gcc, r-devel-linux-x86_64-fedora-clang, r-devel-linux-x86_64-fedora-gcc, r-devel-windows-x86_64, r-patched-linux-x86_64, r-release-linux-x86_64, r-release-macos-arm64, r-release-macos-x86_64, r-release-windows-x86_64