Last updated on 2023-12-04 05:09:06 CET.
Flavor | Version | Tinstall | Tcheck | Ttotal | Status | Flags |
---|---|---|---|---|---|---|
r-devel-linux-x86_64-debian-clang | 1.0.0 | 12.91 | 113.35 | 126.26 | NOTE | |
r-devel-linux-x86_64-debian-gcc | 1.0.0 | 9.29 | 82.56 | 91.85 | NOTE | |
r-devel-linux-x86_64-fedora-clang | 1.0.0 | 155.32 | NOTE | |||
r-devel-linux-x86_64-fedora-gcc | 1.0.0 | 157.33 | NOTE | |||
r-devel-windows-x86_64 | 1.0.0 | 13.00 | 104.00 | 117.00 | NOTE | |
r-patched-linux-x86_64 | 1.0.0 | 12.06 | 105.95 | 118.01 | NOTE | |
r-release-linux-x86_64 | 1.0.0 | 9.68 | 105.25 | 114.93 | NOTE | |
r-release-macos-arm64 | 1.0.0 | 50.00 | NOTE | |||
r-release-macos-x86_64 | 1.0.0 | 86.00 | NOTE | |||
r-release-windows-x86_64 | 1.0.0 | 17.00 | 123.00 | 140.00 | NOTE | |
r-oldrel-macos-arm64 | 1.0.0 | 49.00 | NOTE | |||
r-oldrel-macos-x86_64 | 1.0.0 | 85.00 | NOTE | |||
r-oldrel-windows-x86_64 | 1.0.0 | 17.00 | 131.00 | 148.00 | OK |
Version: 1.0.0
Check: Rd files
Result: NOTE
checkRd: (-1) constrained.Rd:37: Escaped LaTeX specials: \&
Flavors: r-devel-linux-x86_64-debian-clang, r-devel-linux-x86_64-debian-gcc, r-devel-linux-x86_64-fedora-clang, r-devel-linux-x86_64-fedora-gcc, r-devel-windows-x86_64, r-patched-linux-x86_64, r-release-linux-x86_64, r-release-macos-arm64, r-release-macos-x86_64, r-release-windows-x86_64
Version: 1.0.0
Check: dependencies in R code
Result: NOTE
Namespaces in Imports field not imported from:
‘Matrix’ ‘Rdpack’
All declared Imports should be used.
Flavors: r-devel-linux-x86_64-fedora-clang, r-devel-linux-x86_64-fedora-gcc, r-oldrel-macos-arm64, r-oldrel-macos-x86_64