Last updated on 2023-12-07 04:56:23 CET.
Flavor | Version | Tinstall | Tcheck | Ttotal | Status | Flags |
---|---|---|---|---|---|---|
r-devel-linux-x86_64-debian-clang | 3.0-0 | 32.66 | 279.97 | 312.63 | OK | |
r-devel-linux-x86_64-debian-gcc | 3.0-0 | 25.18 | 204.73 | 229.91 | OK | |
r-devel-linux-x86_64-fedora-clang | 3.0-0 | 402.65 | NOTE | |||
r-devel-linux-x86_64-fedora-gcc | 3.0-0 | 326.86 | OK | |||
r-devel-windows-x86_64 | 3.0-0 | 27.00 | 268.00 | 295.00 | NOTE | |
r-patched-linux-x86_64 | 3.0-0 | 23.87 | 267.46 | 291.33 | OK | |
r-release-linux-x86_64 | 3.0-0 | 24.48 | 269.66 | 294.14 | OK | |
r-release-macos-arm64 | 3.0-0 | 129.00 | ERROR | |||
r-release-macos-x86_64 | 3.0-0 | 231.00 | NOTE | |||
r-release-windows-x86_64 | 3.0-0 | 38.00 | 310.00 | 348.00 | NOTE | |
r-oldrel-macos-arm64 | 3.0-0 | 116.00 | ERROR | |||
r-oldrel-macos-x86_64 | 3.0-0 | 153.00 | NOTE | |||
r-oldrel-windows-x86_64 | 3.0-0 | 38.00 | 299.00 | 337.00 | NOTE |
Version: 3.0-0
Check: installed package size
Result: NOTE
installed size is 8.6Mb
sub-directories of 1Mb or more:
doc 6.1Mb
Flavors: r-devel-linux-x86_64-fedora-clang, r-devel-windows-x86_64, r-release-macos-arm64, r-release-macos-x86_64, r-release-windows-x86_64, r-oldrel-macos-arm64, r-oldrel-macos-x86_64, r-oldrel-windows-x86_64
Version: 3.0-0
Check: tests
Result: ERROR
Running ‘testthat.R’ [27s/31s]
Running the tests in ‘tests/testthat.R’ failed.
Last 13 lines of output:
target is NULL, current is numeric
── Failure ('test_part5_analyseRest.R:97:3'): No overlap 1 nonwear, 1 nap, and 1 sib ──
dsummary$perc_sib_overl_srnonw not equal to 0.
target is NULL, current is numeric
── Failure ('test_part5_analyseRest.R:98:3'): No overlap 1 nonwear, 1 nap, and 1 sib ──
dsummary$perc_srnonw_overl_sib not equal to 0.
target is NULL, current is numeric
── Failure ('test_part5_analyseRest.R:99:3'): No overlap 1 nonwear, 1 nap, and 1 sib ──
sum(dsummary) not equal to 129.
1/1 mismatches
[1] 3 - 129 == -126
[ FAIL 24 | WARN 0 | SKIP 25 | PASS 383 ]
Error: Test failures
Execution halted
Flavor: r-release-macos-arm64
Version: 3.0-0
Check: tests
Result: ERROR
Running ‘testthat.R’ [26s/28s]
Running the tests in ‘tests/testthat.R’ failed.
Last 13 lines of output:
target is NULL, current is numeric
── Failure ('test_part5_analyseRest.R:97:3'): No overlap 1 nonwear, 1 nap, and 1 sib ──
dsummary$perc_sib_overl_srnonw not equal to 0.
target is NULL, current is numeric
── Failure ('test_part5_analyseRest.R:98:3'): No overlap 1 nonwear, 1 nap, and 1 sib ──
dsummary$perc_srnonw_overl_sib not equal to 0.
target is NULL, current is numeric
── Failure ('test_part5_analyseRest.R:99:3'): No overlap 1 nonwear, 1 nap, and 1 sib ──
sum(dsummary) not equal to 129.
1/1 mismatches
[1] 3 - 129 == -126
[ FAIL 24 | WARN 0 | SKIP 25 | PASS 383 ]
Error: Test failures
Execution halted
Flavor: r-oldrel-macos-arm64