CRAN Package Check Results for Package GEEaSPU

Last updated on 2024-02-20 04:23:55 CET.

Flavor Version Tinstall Tcheck Ttotal Status Flags
r-devel-linux-x86_64-debian-clang 1.0.2 OK
r-devel-linux-x86_64-debian-gcc 1.0.2 38.50 22.81 61.31 OK
r-devel-linux-x86_64-fedora-clang 1.0.2 106.11 NOTE
r-devel-linux-x86_64-fedora-gcc 1.0.2 111.53 NOTE
r-devel-windows-x86_64 1.0.2 37.00 71.00 108.00 OK
r-patched-linux-x86_64 1.0.2 48.06 29.38 77.44 OK
r-release-linux-x86_64 1.0.2 47.91 29.43 77.34 OK
r-release-macos-arm64 1.0.2 35.00 OK
r-release-macos-x86_64 1.0.2 54.00 OK
r-release-windows-x86_64 1.0.2 47.00 76.00 123.00 OK
r-oldrel-macos-arm64 1.0.2 35.00 OK
r-oldrel-windows-x86_64 1.0.2 45.00 71.00 116.00 OK

Check Details

Version: 1.0.2
Check: compiled code
Result: NOTE File ‘GEEaSPU/libs/GEEaSPU.so’: Found no calls to: ‘R_registerRoutines’, ‘R_useDynamicSymbols’ It is good practice to register native routines and to disable symbol search. See ‘Writing portable packages’ in the ‘Writing R Extensions’ manual. Flavors: r-devel-linux-x86_64-fedora-clang, r-devel-linux-x86_64-fedora-gcc