Last updated on 2023-09-22 05:53:39 CEST.
Flavor | Version | Tinstall | Tcheck | Ttotal | Status | Flags |
---|---|---|---|---|---|---|
r-devel-linux-x86_64-debian-clang | 10.3 | 6.50 | 44.32 | 50.82 | OK | |
r-devel-linux-x86_64-debian-gcc | 10.3 | 4.69 | 34.06 | 38.75 | OK | |
r-devel-linux-x86_64-fedora-clang | 10.3 | 38.59 | OK | |||
r-devel-linux-x86_64-fedora-gcc | 10.3 | 40.53 | OK | |||
r-devel-windows-x86_64 | 10.3 | 16.00 | 71.00 | 87.00 | OK | |
r-patched-linux-x86_64 | 10.3 | 5.99 | 42.57 | 48.56 | OK | |
r-release-linux-x86_64 | 10.3 | 5.36 | 42.60 | 47.96 | OK | |
r-release-macos-arm64 | 10.3 | 37.00 | OK | |||
r-release-macos-x86_64 | 10.3 | 96.00 | OK | |||
r-release-windows-x86_64 | 10.3 | 8.00 | 61.00 | 69.00 | OK | |
r-oldrel-macos-arm64 | 1.10 | 21.00 | NOTE | |||
r-oldrel-macos-x86_64 | 1.10 | 40.00 | NOTE | |||
r-oldrel-windows-x86_64 | 1.10 | 7.00 | 54.00 | 61.00 | OK |
Version: 1.10
Check: dependencies in R code
Result: NOTE
Namespace in Imports field not imported from: ‘badger’
All declared Imports should be used.
Flavors: r-oldrel-macos-arm64, r-oldrel-macos-x86_64