CRAN Package Check Results for Package GAparsimony

Last updated on 2023-11-29 04:57:21 CET.

Flavor Version Tinstall Tcheck Ttotal Status Flags
r-devel-linux-x86_64-debian-clang 0.9.5 4.91 33.57 38.48 OK
r-devel-linux-x86_64-debian-gcc 0.9.5 2.80 25.88 28.68 OK
r-devel-linux-x86_64-fedora-clang 0.9.5 46.78 OK
r-devel-linux-x86_64-fedora-gcc 0.9.5 45.43 OK
r-devel-windows-x86_64 0.9.5 4.00 48.00 52.00 OK
r-patched-linux-x86_64 0.9.5 5.11 32.68 37.79 OK
r-release-linux-x86_64 0.9.5 4.80 32.22 37.02 OK
r-release-macos-arm64 0.9.5 21.00 OK
r-release-macos-x86_64 0.9.5 27.00 NOTE
r-release-windows-x86_64 0.9.5 10.00 51.00 61.00 OK
r-oldrel-macos-arm64 0.9.5 19.00 OK
r-oldrel-macos-x86_64 0.9.5 26.00 OK
r-oldrel-windows-x86_64 0.9.5 8.00 57.00 65.00 OK

Check Details

Version: 0.9.5
Check: package dependencies
Result: NOTE Package suggested but not available for checking: ‘caret’ Flavor: r-release-macos-x86_64