CRAN Package Check Results for Package GAabbreviate

Last updated on 2024-02-27 04:50:37 CET.

Flavor Version Tinstall Tcheck Ttotal Status Flags
r-devel-linux-x86_64-debian-clang 1.3 3.10 41.68 44.78 NOTE
r-devel-linux-x86_64-debian-gcc 1.3 3.23 31.63 34.86 NOTE
r-devel-linux-x86_64-fedora-clang 1.3 56.66 NOTE
r-devel-linux-x86_64-fedora-gcc 1.3 55.99 NOTE
r-devel-windows-x86_64 1.3 4.00 51.00 55.00 NOTE
r-patched-linux-x86_64 1.3 4.76 41.26 46.02 OK
r-release-linux-x86_64 1.3 4.02 40.45 44.47 OK
r-release-macos-arm64 1.3 21.00 OK
r-release-macos-x86_64 1.3 32.00 OK
r-release-windows-x86_64 1.3 6.00 53.00 59.00 OK
r-oldrel-macos-arm64 1.3 21.00 OK
r-oldrel-windows-x86_64 1.3 7.00 66.00 73.00 OK

Check Details

Version: 1.3
Check: Rd files
Result: NOTE checkRd: (-1) GAabbreviate.Rd:53: Lost braces; missing escapes or markup? 53 | where \eqn{I} represents a user-specified fixed item cost, \eqn{k} represents the number of items retained by the GA (in any given iteration), \eqn{s} is the number of subscales in the measure, \eqn{w_i} are the weights (by default {w_i = 1} for any \eqn{i}) associated with each subscale (if there are any subsets to be retained), and \eqn{R_i^2} is the amount of variance in the ith subscale that can be explained by a linear combination of individual item scores. Adjusting the value of \eqn{I} low or high yields longer or shorter measures respectively. When the cost of each individual item retained in each generation outweighs the cost of a loss in explained variance, the GA yields a relatively brief measure. When the cost is low, the GA yields a relatively longer measure maximizing explained variance (Yarkoni, 2010). | ^ Flavors: r-devel-linux-x86_64-debian-clang, r-devel-linux-x86_64-debian-gcc, r-devel-linux-x86_64-fedora-clang, r-devel-linux-x86_64-fedora-gcc

Version: 1.3
Check: Rd metadata
Result: NOTE Invalid package aliases in Rd file 'GAabbreviate-internal.Rd': ‘GAabbreviation-package’ Flavors: r-devel-linux-x86_64-debian-clang, r-devel-linux-x86_64-debian-gcc, r-devel-linux-x86_64-fedora-clang, r-devel-linux-x86_64-fedora-gcc, r-devel-windows-x86_64