Last updated on 2023-12-06 04:55:51 CET.
Flavor | Version | Tinstall | Tcheck | Ttotal | Status | Flags |
---|---|---|---|---|---|---|
r-devel-linux-x86_64-debian-clang | 0.6.1 | 182.00 | 43.20 | 225.20 | NOTE | |
r-devel-linux-x86_64-debian-gcc | 0.6.1 | 125.68 | 42.08 | 167.76 | NOTE | |
r-devel-linux-x86_64-fedora-clang | 0.6.1 | 283.10 | OK | |||
r-devel-linux-x86_64-fedora-gcc | 0.6.1 | 331.80 | OK | |||
r-devel-windows-x86_64 | 0.6.1 | 118.00 | 93.00 | 211.00 | OK | |
r-patched-linux-x86_64 | 0.6.1 | 152.54 | 54.46 | 207.00 | OK | |
r-release-linux-x86_64 | 0.6.1 | 153.01 | 53.36 | 206.37 | OK | |
r-release-macos-arm64 | 0.6.1 | 83.00 | NOTE | |||
r-release-macos-x86_64 | 0.6.1 | 137.00 | NOTE | |||
r-release-windows-x86_64 | 0.6.1 | 154.00 | 100.00 | 254.00 | OK | |
r-oldrel-macos-arm64 | 0.6.1 | 77.00 | NOTE | |||
r-oldrel-macos-x86_64 | 0.6.1 | 95.00 | NOTE | |||
r-oldrel-windows-x86_64 | 0.6.1 | 147.00 | 97.00 | 244.00 | OK |
Version: 0.6.1
Check: Rd files
Result: NOTE
checkRd: (-1) cpp_multinomial_gaga.Rd:44: Lost braces; missing escapes or markup?
44 | Coefficient matrix with K-1 columns beta_1,...,beta_{K-1} where K is the class number.
| ^
checkRd: (-1) multinomial_GAGA.Rd:44: Lost braces; missing escapes or markup?
44 | Coefficient matrix with K-1 columns beta_1,...,beta_{K-1} where K is the class number.
| ^
Flavors: r-devel-linux-x86_64-debian-clang, r-devel-linux-x86_64-debian-gcc
Version: 0.6.1
Check: installed package size
Result: NOTE
installed size is 42.5Mb
sub-directories of 1Mb or more:
libs 42.3Mb
Flavors: r-release-macos-arm64, r-release-macos-x86_64, r-oldrel-macos-arm64, r-oldrel-macos-x86_64