CRAN Package Check Results for Package FourWayHMM

Last updated on 2024-07-17 05:55:07 CEST.

Flavor Version Tinstall Tcheck Ttotal Status Flags
r-devel-linux-x86_64-debian-clang 1.0.0 3.04 30.05 33.09 OK
r-devel-linux-x86_64-debian-gcc 1.0.0 3.13 22.93 26.06 OK
r-devel-linux-x86_64-fedora-clang 1.0.0 43.36 NOTE
r-devel-linux-x86_64-fedora-gcc 1.0.0 40.34 NOTE
r-devel-windows-x86_64 1.0.0 5.00 45.00 50.00 OK
r-patched-linux-x86_64 1.0.0 2.73 28.78 31.51 OK
r-release-linux-x86_64 1.0.0 2.45 28.89 31.34 OK
r-release-macos-arm64 1.0.0 18.00 OK
r-release-macos-x86_64 1.0.0 37.00 OK
r-release-windows-x86_64 1.0.0 5.00 46.00 51.00 OK
r-oldrel-macos-arm64 1.0.0 20.00 OK
r-oldrel-macos-x86_64 1.0.0 25.00 OK
r-oldrel-windows-x86_64 1.0.0 5.00 48.00 53.00 OK

Check Details

Version: 1.0.0
Check: dependencies in R code
Result: NOTE Namespace in Imports field not imported from: ‘LaplacesDemon’ All declared Imports should be used. Flavors: r-devel-linux-x86_64-fedora-clang, r-devel-linux-x86_64-fedora-gcc