CRAN Package Check Results for Package FossilSimShiny

Last updated on 2024-07-15 05:49:01 CEST.

Flavor Version Tinstall Tcheck Ttotal Status Flags
r-devel-linux-x86_64-debian-clang 1.1.2 4.41 42.51 46.92 OK
r-devel-linux-x86_64-debian-gcc 1.1.2 3.54 32.54 36.08 OK
r-devel-linux-x86_64-fedora-clang 1.1.2 59.24 NOTE
r-devel-linux-x86_64-fedora-gcc 1.1.2 69.35 NOTE
r-devel-windows-x86_64 1.1.2 5.00 55.00 60.00 OK
r-patched-linux-x86_64 1.1.2 3.85 40.13 43.98 OK
r-release-linux-x86_64 1.1.2 2.81 40.85 43.66 OK
r-release-macos-arm64 1.1.2 30.00 OK
r-release-macos-x86_64 1.1.2 43.00 OK
r-release-windows-x86_64 1.1.2 5.00 53.00 58.00 OK
r-oldrel-macos-arm64 1.1.2 34.00 OK
r-oldrel-macos-x86_64 1.1.2 52.00 OK
r-oldrel-windows-x86_64 1.1.2 6.00 59.00 65.00 OK

Check Details

Version: 1.1.2
Check: dependencies in R code
Result: NOTE Namespaces in Imports field not imported from: ‘TreeSim’ ‘shinyjs’ All declared Imports should be used. Flavors: r-devel-linux-x86_64-fedora-clang, r-devel-linux-x86_64-fedora-gcc