CRAN Package Check Results for Package FossilSim

Last updated on 2024-06-20 05:53:46 CEST.

Flavor Version Tinstall Tcheck Ttotal Status Flags
r-devel-linux-x86_64-debian-clang 2.3.3 6.45 122.71 129.16 OK
r-devel-linux-x86_64-debian-gcc 2.3.3 6.21 85.75 91.96 OK
r-devel-linux-x86_64-fedora-clang 2.3.3 172.05 OK
r-devel-linux-x86_64-fedora-gcc 2.3.3 158.95 OK
r-devel-windows-x86_64 2.3.3 7.00 105.00 112.00 OK
r-patched-linux-x86_64 2.3.3 8.49 109.59 118.08 OK
r-release-linux-x86_64 2.3.3 5.81 112.85 118.66 OK
r-release-macos-arm64 2.3.3 63.00 OK
r-release-macos-x86_64 2.3.3 74.00 OK
r-release-windows-x86_64 2.3.3 7.00 92.00 99.00 ERROR
r-oldrel-macos-arm64 2.3.3 56.00 OK
r-oldrel-macos-x86_64 2.3.3 128.00 OK
r-oldrel-windows-x86_64 2.3.3 8.00 126.00 134.00 OK

Check Details

Version: 2.3.3
Check: Rd contents
Result: NOTE Error: memory exhausted Execution halted Flavor: r-release-windows-x86_64

Version: 2.3.3
Check: re-building of vignette outputs
Result: ERROR Error(s) in re-building vignettes: --- re-building 'SAtree.Rmd' using rmarkdown --- finished re-building 'SAtree.Rmd' --- re-building 'fossils.Rmd' using rmarkdown --- finished re-building 'fossils.Rmd' --- re-building 'intro.Rmd' using rmarkdown --- finished re-building 'intro.Rmd' --- re-building 'paleotree.Rmd' using rmarkdown --- finished re-building 'paleotree.Rmd' --- re-building 'simfbd.Rmd' using rmarkdown --- finished re-building 'simfbd.Rmd' --- re-building 'taxonomy.Rmd' using rmarkdown pandoc.exe: osCommitMemory: VirtualAlloc MEM_COMMIT failed to commit 1048576 bytes of memory (error code: 1455): Die Auslagerungsdatei ist zu klein, um diesen Vorgang durchzuf<fc>hren. Error: processing vignette 'taxonomy.Rmd' failed with diagnostics: pandoc document conversion failed with error 251 --- failed re-building 'taxonomy.Rmd' SUMMARY: processing the following file failed: 'taxonomy.Rmd' Error: Vignette re-building failed. Execution halted Flavor: r-release-windows-x86_64

Version: 2.3.3
Check: PDF version of manual
Result: WARN LaTeX errors when creating PDF version. This typically indicates Rd problems. Flavor: r-release-windows-x86_64

Version: 2.3.3
Check: PDF version of manual without index
Result: ERROR Re-running with no redirection of stdout/stderr. Flavor: r-release-windows-x86_64