Last updated on 2023-12-09 04:50:51 CET.
Flavor | Version | Tinstall | Tcheck | Ttotal | Status | Flags |
---|---|---|---|---|---|---|
r-devel-linux-x86_64-debian-clang | 1.1.1 | 19.75 | 123.02 | 142.77 | OK | |
r-devel-linux-x86_64-debian-gcc | 1.1.1 | 18.48 | 89.95 | 108.43 | OK | |
r-devel-linux-x86_64-fedora-clang | 1.1.1 | 177.51 | NOTE | |||
r-devel-linux-x86_64-fedora-gcc | 1.1.1 | 169.34 | OK | |||
r-devel-windows-x86_64 | 1.1.1 | 19.00 | 104.00 | 123.00 | NOTE | |
r-patched-linux-x86_64 | 1.1.1 | 23.02 | 118.24 | 141.26 | OK | |
r-release-linux-x86_64 | 1.1.1 | 14.71 | 117.22 | 131.93 | OK | |
r-release-macos-arm64 | 1.1.1 | 51.00 | NOTE | |||
r-release-macos-x86_64 | 1.1.1 | 81.00 | NOTE | |||
r-release-windows-x86_64 | 1.1.1 | 24.00 | 120.00 | 144.00 | NOTE | |
r-oldrel-macos-arm64 | 1.1.1 | 48.00 | NOTE | |||
r-oldrel-macos-x86_64 | 1.1.1 | 60.00 | NOTE | |||
r-oldrel-windows-x86_64 | 1.1.1 | 26.00 | 115.00 | 141.00 | NOTE |
Version: 1.1.1
Check: installed package size
Result: NOTE
installed size is 5.5Mb
sub-directories of 1Mb or more:
data 1.3Mb
extdata 3.8Mb
Flavors: r-devel-linux-x86_64-fedora-clang, r-devel-windows-x86_64, r-release-macos-arm64, r-release-macos-x86_64, r-release-windows-x86_64, r-oldrel-macos-arm64, r-oldrel-macos-x86_64, r-oldrel-windows-x86_64