CRAN Package Check Results for Package FishResp

Last updated on 2024-07-15 05:49:01 CEST.

Flavor Version Tinstall Tcheck Ttotal Status Flags
r-devel-linux-x86_64-debian-clang 1.1.1 21.72 111.46 133.18 OK
r-devel-linux-x86_64-debian-gcc 1.1.1 15.76 77.48 93.24 OK
r-devel-linux-x86_64-fedora-clang 1.1.1 162.09 NOTE
r-devel-linux-x86_64-fedora-gcc 1.1.1 147.79 OK
r-devel-windows-x86_64 1.1.1 18.00 94.00 112.00 NOTE
r-patched-linux-x86_64 1.1.1 26.60 103.98 130.58 OK
r-release-linux-x86_64 1.1.1 13.94 101.65 115.59 OK
r-release-macos-arm64 1.1.1 35.00 NOTE
r-release-macos-x86_64 1.1.1 76.00 NOTE
r-release-windows-x86_64 1.1.1 19.00 95.00 114.00 NOTE
r-oldrel-macos-arm64 1.1.1 51.00 NOTE
r-oldrel-macos-x86_64 1.1.1 81.00 NOTE
r-oldrel-windows-x86_64 1.1.1 22.00 108.00 130.00 NOTE

Check Details

Version: 1.1.1
Check: installed package size
Result: NOTE installed size is 5.5Mb sub-directories of 1Mb or more: data 1.3Mb extdata 3.8Mb Flavors: r-devel-linux-x86_64-fedora-clang, r-devel-windows-x86_64, r-release-macos-arm64, r-release-macos-x86_64, r-release-windows-x86_64, r-oldrel-macos-arm64, r-oldrel-macos-x86_64, r-oldrel-windows-x86_64

Version: 1.1.1
Check: Rd cross-references
Result: NOTE Found the following Rd file(s) with Rd \link{} targets missing package anchors: convert.rMR.Rd: DO.unit.convert convert.respirometry.Rd: conv_o2 Please provide package anchors for all Rd \link{} targets not in the package itself and the base packages. Flavor: r-devel-windows-x86_64