CRAN Package Check Results for Package FishPhyloMaker

Last updated on 2023-10-02 05:57:57 CEST.

Flavor Version Tinstall Tcheck Ttotal Status Flags
r-devel-linux-x86_64-debian-clang 0.2.0 4.02 42.06 46.08 OK
r-devel-linux-x86_64-debian-gcc 0.2.0 3.63 32.31 35.94 OK
r-devel-linux-x86_64-fedora-clang 0.2.0 59.66 NOTE
r-devel-linux-x86_64-fedora-gcc 0.2.0 72.75 NOTE
r-devel-windows-x86_64 0.2.0 6.00 61.00 67.00 OK
r-patched-linux-x86_64 0.2.0 2.93 41.31 44.24 OK
r-release-linux-x86_64 0.2.0 3.53 40.49 44.02 OK
r-release-macos-arm64 0.2.0 31.00 OK
r-release-macos-x86_64 0.2.0 40.00 OK
r-release-windows-x86_64 0.2.0 11.00 66.00 77.00 OK
r-oldrel-macos-arm64 0.2.0 21.00 NOTE
r-oldrel-macos-x86_64 0.2.0 42.00 NOTE
r-oldrel-windows-x86_64 0.2.0 7.00 61.00 68.00 OK

Check Details

Version: 0.2.0
Check: dependencies in R code
Result: NOTE
    Namespaces in Imports field not imported from:
     ‘knitr’ ‘rmarkdown’ ‘utils’
     All declared Imports should be used.
Flavors: r-devel-linux-x86_64-fedora-clang, r-devel-linux-x86_64-fedora-gcc, r-oldrel-macos-arm64, r-oldrel-macos-x86_64