Last updated on 2023-12-08 05:02:04 CET.
Flavor | Version | Tinstall | Tcheck | Ttotal | Status | Flags |
---|---|---|---|---|---|---|
r-devel-linux-x86_64-debian-clang | 1.1.4 | 235.30 | 94.35 | 329.65 | OK | |
r-devel-linux-x86_64-debian-gcc | 1.1.4 | 185.29 | 72.98 | 258.27 | OK | |
r-devel-linux-x86_64-fedora-clang | 1.1.4 | 477.86 | OK | |||
r-devel-linux-x86_64-fedora-gcc | 1.1.4 | 530.70 | OK | |||
r-devel-windows-x86_64 | 1.1.4 | 196.00 | 126.00 | 322.00 | NOTE | |
r-patched-linux-x86_64 | 1.1.4 | 230.48 | 95.67 | 326.15 | OK | |
r-release-linux-x86_64 | 1.1.4 | 231.01 | 90.49 | 321.50 | OK | |
r-release-macos-arm64 | 1.1.4 | 120.00 | NOTE | |||
r-release-macos-x86_64 | 1.1.4 | 213.00 | NOTE | |||
r-release-windows-x86_64 | 1.1.4 | 248.00 | 145.00 | 393.00 | NOTE | |
r-oldrel-macos-arm64 | 1.1.4 | 111.00 | NOTE | |||
r-oldrel-macos-x86_64 | 1.1.4 | 137.00 | NOTE | |||
r-oldrel-windows-x86_64 | 1.1.4 | 234.00 | 133.00 | 367.00 | NOTE |
Version: 1.1.4
Check: installed package size
Result: NOTE
installed size is 5.7Mb
sub-directories of 1Mb or more:
lib 3.0Mb
libs 2.3Mb
Flavors: r-devel-windows-x86_64, r-release-macos-arm64, r-release-macos-x86_64, r-release-windows-x86_64, r-oldrel-macos-arm64, r-oldrel-macos-x86_64, r-oldrel-windows-x86_64