CRAN Package Check Results for Package FinTS

Last updated on 2023-11-28 04:57:18 CET.

Flavor Version Tinstall Tcheck Ttotal Status Flags
r-devel-linux-x86_64-debian-clang 0.4-6 4.09 57.63 61.72 NOTE
r-devel-linux-x86_64-debian-gcc 0.4-6 3.00 44.19 47.19 NOTE
r-devel-linux-x86_64-fedora-clang 0.4-6 76.06 OK
r-devel-linux-x86_64-fedora-gcc 0.4-6 73.95 OK
r-devel-windows-x86_64 0.4-6 4.00 79.00 83.00 OK
r-patched-linux-x86_64 0.4-6 4.57 57.53 62.10 OK
r-release-linux-x86_64 0.4-6 3.83 56.51 60.34 OK
r-release-macos-arm64 0.4-6 29.00 OK
r-release-macos-x86_64 0.4-6 46.00 OK
r-release-windows-x86_64 0.4-6 7.00 84.00 91.00 OK
r-oldrel-macos-arm64 0.4-6 31.00 OK
r-oldrel-macos-x86_64 0.4-6 43.00 OK
r-oldrel-windows-x86_64 0.4-6 9.00 88.00 97.00 OK

Check Details

Version: 0.4-6
Check: Rd files
Result: NOTE checkRd: (-1) TsayFiles.Rd:23-63: Lost braces in \itemize; meant \describe ? checkRd: (-1) TsayFiles.Rd:33-37: Lost braces in \itemize; meant \describe ? checkRd: (-1) TsayFiles.Rd:38-42: Lost braces in \itemize; meant \describe ? checkRd: (-1) TsayFiles.Rd:43-47: Lost braces in \itemize; meant \describe ? checkRd: (-1) TsayFiles.Rd:48-51: Lost braces in \itemize; meant \describe ? checkRd: (-1) TsayFiles.Rd:64-69: Lost braces in \itemize; meant \describe ? checkRd: (-1) ch01data.Rd:53-56: Lost braces in \itemize; meant \describe ? checkRd: (-1) ch01data.Rd:57-60: Lost braces in \itemize; meant \describe ? checkRd: (-1) ch01data.Rd:61-64: Lost braces in \itemize; meant \describe ? checkRd: (-1) ch01data.Rd:65-68: Lost braces in \itemize; meant \describe ? checkRd: (-1) ch01data.Rd:69-72: Lost braces in \itemize; meant \describe ? checkRd: (-1) ch01data.Rd:73-76: Lost braces in \itemize; meant \describe ? checkRd: (-1) ch01data.Rd:77-79: Lost braces in \itemize; meant \describe ? checkRd: (-1) ch01data.Rd:80-88: Lost braces in \itemize; meant \describe ? checkRd: (-1) ch01data.Rd:83: Lost braces in \itemize; meant \describe ? checkRd: (-1) ch01data.Rd:84: Lost braces in \itemize; meant \describe ? checkRd: (-1) ch01data.Rd:85: Lost braces in \itemize; meant \describe ? checkRd: (-1) ch01data.Rd:86: Lost braces in \itemize; meant \describe ? checkRd: (-1) ch01data.Rd:89-91: Lost braces in \itemize; meant \describe ? checkRd: (-1) ch01data.Rd:92-94: Lost braces in \itemize; meant \describe ? checkRd: (-1) ch02data.Rd:35-38: Lost braces in \itemize; meant \describe ? checkRd: (-1) ch02data.Rd:39-41: Lost braces in \itemize; meant \describe ? checkRd: (-1) ch02data.Rd:42-45: Lost braces in \itemize; meant \describe ? checkRd: (-1) ch02data.Rd:46-49: Lost braces in \itemize; meant \describe ? checkRd: (-1) ch02data.Rd:50-52: Lost braces in \itemize; meant \describe ? checkRd: (-1) ch02data.Rd:53-55: Lost braces in \itemize; meant \describe ? checkRd: (-1) ch02data.Rd:56-58: Lost braces in \itemize; meant \describe ? checkRd: (-1) ch02data.Rd:59-72: Lost braces in \itemize; meant \describe ? checkRd: (-1) ch02data.Rd:73-83: Lost braces in \itemize; meant \describe ? checkRd: (-1) ch03data.Rd:36-42: Lost braces in \itemize; meant \describe ? checkRd: (-1) ch03data.Rd:43-49: Lost braces in \itemize; meant \describe ? checkRd: (-1) ch03data.Rd:50-55: Lost braces in \itemize; meant \describe ? checkRd: (-1) ch03data.Rd:56-59: Lost braces in \itemize; meant \describe ? checkRd: (-1) ch03data.Rd:60-63: Lost braces in \itemize; meant \describe ? checkRd: (-1) ch04data.Rd:33-36: Lost braces in \itemize; meant \describe ? checkRd: (-1) ch04data.Rd:37-40: Lost braces in \itemize; meant \describe ? checkRd: (-1) ch04data.Rd:41-44: Lost braces in \itemize; meant \describe ? checkRd: (-1) ch04data.Rd:45-48: Lost braces in \itemize; meant \describe ? checkRd: (-1) ch05data.Rd:29-37: Lost braces in \itemize; meant \describe ? checkRd: (-1) ch05data.Rd:38-41: Lost braces in \itemize; meant \describe ? checkRd: (-1) ch05data.Rd:42-47: Lost braces in \itemize; meant \describe ? checkRd: (-1) ch05data.Rd:48-51: Lost braces in \itemize; meant \describe ? checkRd: (-1) ch05data.Rd:52-76: Lost braces in \itemize; meant \describe ? checkRd: (-1) ch05data.Rd:61-63: Lost braces in \itemize; meant \describe ? checkRd: (-1) ch05data.Rd:64-66: Lost braces in \itemize; meant \describe ? checkRd: (-1) ch05data.Rd:67-74: Lost braces in \itemize; meant \describe ? checkRd: (-1) ch05data.Rd:77-104: Lost braces in \itemize; meant \describe ? checkRd: (-1) ch05data.Rd:82: Lost braces in \itemize; meant \describe ? checkRd: (-1) ch05data.Rd:83: Lost braces in \itemize; meant \describe ? checkRd: (-1) ch05data.Rd:84-86: Lost braces in \itemize; meant \describe ? checkRd: (-1) ch05data.Rd:87-90: Lost braces in \itemize; meant \describe ? checkRd: (-1) ch05data.Rd:91-94: Lost braces in \itemize; meant \describe ? checkRd: (-1) ch05data.Rd:95-102: Lost braces in \itemize; meant \describe ? checkRd: (-1) ch05data.Rd:105-109: Lost braces in \itemize; meant \describe ? checkRd: (-1) ch05data.Rd:110-138: Lost braces in \itemize; meant \describe ? checkRd: (-1) ch05data.Rd:115-117: Lost braces in \itemize; meant \describe ? checkRd: (-1) ch05data.Rd:118-120: Lost braces in \itemize; meant \describe ? checkRd: (-1) ch05data.Rd:121-123: Lost braces in \itemize; meant \describe ? checkRd: (-1) ch05data.Rd:124-128: Lost braces in \itemize; meant \describe ? checkRd: (-1) ch05data.Rd:129-132: Lost braces in \itemize; meant \describe ? checkRd: (-1) ch05data.Rd:133-136: Lost braces in \itemize; meant \describe ? checkRd: (-1) ch06data.Rd:19-22: Lost braces in \itemize; meant \describe ? checkRd: (-1) ch06data.Rd:23-26: Lost braces in \itemize; meant \describe ? checkRd: (-1) ch07data.Rd:17-53: Lost braces in \itemize; meant \describe ? checkRd: (-1) ch07data.Rd:22-24: Lost braces in \itemize; meant \describe ? checkRd: (-1) ch07data.Rd:25: Lost braces in \itemize; meant \describe ? checkRd: (-1) ch07data.Rd:26: Lost braces in \itemize; meant \describe ? checkRd: (-1) ch07data.Rd:27: Lost braces in \itemize; meant \describe ? checkRd: (-1) ch07data.Rd:28-32: Lost braces in \itemize; meant \describe ? checkRd: (-1) ch07data.Rd:33-36: Lost braces in \itemize; meant \describe ? checkRd: (-1) ch07data.Rd:37-39: Lost braces in \itemize; meant \describe ? checkRd: (-1) ch07data.Rd:40-43: Lost braces in \itemize; meant \describe ? checkRd: (-1) ch07data.Rd:55-58: Lost braces in \itemize; meant \describe ? checkRd: (-1) ch08data.Rd:23-28: Lost braces in \itemize; meant \describe ? checkRd: (-1) ch08data.Rd:29-32: Lost braces in \itemize; meant \describe ? checkRd: (-1) ch08data.Rd:33-37: Lost braces in \itemize; meant \describe ? checkRd: (-1) ch08data.Rd:38-42: Lost braces in \itemize; meant \describe ? checkRd: (-1) ch08data.Rd:43-84: Lost braces in \itemize; meant \describe ? checkRd: (-1) ch08data.Rd:54-60: Lost braces in \itemize; meant \describe ? checkRd: (-1) ch08data.Rd:61-65: Lost braces in \itemize; meant \describe ? checkRd: (-1) ch08data.Rd:66-71: Lost braces in \itemize; meant \describe ? checkRd: (-1) ch08data.Rd:72-78: Lost braces in \itemize; meant \describe ? checkRd: (-1) ch09data.Rd:25-48: Lost braces in \itemize; meant \describe ? checkRd: (-1) ch09data.Rd:33: Lost braces in \itemize; meant \describe ? checkRd: (-1) ch09data.Rd:34: Lost braces in \itemize; meant \describe ? checkRd: (-1) ch09data.Rd:35: Lost braces in \itemize; meant \describe ? checkRd: (-1) ch09data.Rd:36: Lost braces in \itemize; meant \describe ? checkRd: (-1) ch09data.Rd:37: Lost braces in \itemize; meant \describe ? checkRd: (-1) ch09data.Rd:38: Lost braces in \itemize; meant \describe ? checkRd: (-1) ch09data.Rd:39: Lost braces in \itemize; meant \describe ? checkRd: (-1) ch09data.Rd:40: Lost braces in \itemize; meant \describe ? checkRd: (-1) ch09data.Rd:41: Lost braces in \itemize; meant \describe ? checkRd: (-1) ch09data.Rd:42: Lost braces in \itemize; meant \describe ? checkRd: (-1) ch09data.Rd:43: Lost braces in \itemize; meant \describe ? checkRd: (-1) ch09data.Rd:44: Lost braces in \itemize; meant \describe ? checkRd: (-1) ch09data.Rd:45: Lost braces in \itemize; meant \describe ? checkRd: (-1) ch09data.Rd:46: Lost braces in \itemize; meant \describe ? checkRd: (-1) ch09data.Rd:50-64: Lost braces in \itemize; meant \describe ? checkRd: (-1) ch09data.Rd:55-58: Lost braces in \itemize; meant \describe ? checkRd: (-1) ch09data.Rd:59-62: Lost braces in \itemize; meant \describe ? checkRd: (-1) ch09data.Rd:65-80: Lost braces in \itemize; meant \describe ? checkRd: (-1) ch09data.Rd:70: Lost braces in \itemize; meant \describe ? checkRd: (-1) ch09data.Rd:71: Lost braces in \itemize; meant \describe ? checkRd: (-1) ch09data.Rd:72: Lost braces in \itemize; meant \describe ? checkRd: (-1) ch09data.Rd:73: Lost braces in \itemize; meant \describe ? checkRd: (-1) ch09data.Rd:74: Lost braces in \itemize; meant \describe ? checkRd: (-1) ch09data.Rd:75: Lost braces in \itemize; meant \describe ? checkRd: (-1) ch09data.Rd:76: Lost braces in \itemize; meant \describe ? checkRd: (-1) ch09data.Rd:77: Lost braces in \itemize; meant \describe ? checkRd: (-1) ch09data.Rd:78: Lost braces in \itemize; meant \describe ? checkRd: (-1) ch09data.Rd:81-92: Lost braces in \itemize; meant \describe ? checkRd: (-1) ch09data.Rd:86: Lost braces in \itemize; meant \describe ? checkRd: (-1) ch09data.Rd:87: Lost braces in \itemize; meant \describe ? checkRd: (-1) ch09data.Rd:88: Lost braces in \itemize; meant \describe ? checkRd: (-1) ch09data.Rd:89: Lost braces in \itemize; meant \describe ? checkRd: (-1) ch09data.Rd:90: Lost braces in \itemize; meant \describe ? checkRd: (-1) ch09data.Rd:93-102: Lost braces in \itemize; meant \describe ? checkRd: (-1) ch09data.Rd:98: Lost braces in \itemize; meant \describe ? checkRd: (-1) ch09data.Rd:99: Lost braces in \itemize; meant \describe ? checkRd: (-1) ch09data.Rd:100: Lost braces in \itemize; meant \describe ? checkRd: (-1) ch10data.Rd:30-33: Lost braces in \itemize; meant \describe ? checkRd: (-1) ch10data.Rd:34-37: Lost braces in \itemize; meant \describe ? checkRd: (-1) ch10data.Rd:38-54: Lost braces in \itemize; meant \describe ? checkRd: (-1) ch10data.Rd:43: Lost braces in \itemize; meant \describe ? checkRd: (-1) ch10data.Rd:44: Lost braces in \itemize; meant \describe ? checkRd: (-1) ch10data.Rd:45: Lost braces in \itemize; meant \describe ? checkRd: (-1) ch11data.Rd:23-26: Lost braces in \itemize; meant \describe ? checkRd: (-1) ch12data.Rd:25-35: Lost braces in \itemize; meant \describe ? checkRd: (-1) ch12data.Rd:36-44: Lost braces in \itemize; meant \describe ? checkRd: (-1) ch12data.Rd:45-56: Lost braces in \itemize; meant \describe ? checkRd: (-1) ch12data.Rd:57-64: Lost braces in \itemize; meant \describe ? checkRd: (-1) ch12data.Rd:65-68: Lost braces in \itemize; meant \describe ? checkRd: (-1) ch12data.Rd:69-72: Lost braces in \itemize; meant \describe ? checkRd: (-1) runscript.Rd:27-30: Lost braces in \itemize; meant \describe ? checkRd: (-1) runscript.Rd:31-34: Lost braces in \itemize; meant \describe ? checkRd: (-1) runscript.Rd:35-37: Lost braces in \itemize; meant \describe ? checkRd: (-1) runscript.Rd:38-40: Lost braces in \itemize; meant \describe ? checkRd: (-1) runscript.Rd:41-44: Lost braces in \itemize; meant \describe ? Flavors: r-devel-linux-x86_64-debian-clang, r-devel-linux-x86_64-debian-gcc