CRAN Package Check Results for Package Fgmutils

Last updated on 2023-12-08 05:02:04 CET.

Flavor Version Tinstall Tcheck Ttotal Status Flags
r-devel-linux-x86_64-debian-clang 0.9.5 11.95 93.65 105.60 NOTE
r-devel-linux-x86_64-debian-gcc 0.9.5 8.35 68.41 76.76 NOTE
r-devel-linux-x86_64-fedora-clang 0.9.5 130.10 NOTE
r-devel-linux-x86_64-fedora-gcc 0.9.5 125.02 NOTE
r-devel-windows-x86_64 0.9.5 12.00 92.00 104.00 NOTE
r-patched-linux-x86_64 0.9.5 10.29 86.60 96.89 NOTE
r-release-linux-x86_64 0.9.5 12.56 85.37 97.93 NOTE
r-release-macos-arm64 0.9.5 42.00 NOTE
r-release-macos-x86_64 0.9.5 76.00 NOTE
r-release-windows-x86_64 0.9.5 14.00 105.00 119.00 NOTE
r-oldrel-macos-arm64 0.9.5 70.00 NOTE
r-oldrel-macos-x86_64 0.9.5 119.00 NOTE
r-oldrel-windows-x86_64 0.9.5 14.00 96.00 110.00 NOTE

Check Details

Version: 0.9.5
Check: Rd files
Result: NOTE checkRd: (-1) contemParametros.Rd:19: Lost braces 19 | \item{exclui3pontos}{verify por ... ? in f<-function(a, ...){ }} | ^ Flavors: r-devel-linux-x86_64-debian-clang, r-devel-linux-x86_64-debian-gcc

Version: 0.9.5
Check: LazyData
Result: NOTE 'LazyData' is specified without a 'data' directory Flavors: r-devel-linux-x86_64-debian-clang, r-devel-linux-x86_64-debian-gcc, r-devel-linux-x86_64-fedora-clang, r-devel-linux-x86_64-fedora-gcc, r-devel-windows-x86_64, r-patched-linux-x86_64, r-release-linux-x86_64, r-release-macos-arm64, r-release-macos-x86_64, r-release-windows-x86_64, r-oldrel-macos-arm64, r-oldrel-macos-x86_64, r-oldrel-windows-x86_64