Last updated on 2023-12-09 04:50:50 CET.
Flavor | Version | Tinstall | Tcheck | Ttotal | Status | Flags |
---|---|---|---|---|---|---|
r-devel-linux-x86_64-debian-clang | 1.8-0 | 9.46 | 100.32 | 109.78 | NOTE | |
r-devel-linux-x86_64-debian-gcc | 1.8-0 | 9.50 | 76.28 | 85.78 | NOTE | |
r-devel-linux-x86_64-fedora-clang | 1.8-0 | 139.46 | OK | |||
r-devel-linux-x86_64-fedora-gcc | 1.8-0 | 135.46 | OK | |||
r-devel-windows-x86_64 | 1.8-0 | 12.00 | 104.00 | 116.00 | OK | |
r-patched-linux-x86_64 | 1.8-0 | 12.80 | 98.20 | 111.00 | OK | |
r-release-linux-x86_64 | 1.8-0 | 12.87 | 98.24 | 111.11 | OK | |
r-release-macos-arm64 | 1.8-0 | 40.00 | OK | |||
r-release-macos-x86_64 | 1.8-0 | 72.00 | OK | |||
r-release-windows-x86_64 | 1.8-0 | 16.00 | 125.00 | 141.00 | OK | |
r-oldrel-macos-arm64 | 1.8-0 | 39.00 | OK | |||
r-oldrel-macos-x86_64 | 1.8-0 | 53.00 | OK | |||
r-oldrel-windows-x86_64 | 1.8-0 | 14.00 | 115.00 | 129.00 | OK |
Version: 1.8-0
Check: Rd files
Result: NOTE
checkRd: (-1) kiener1.Rd:155: Lost braces; missing escapes or markup?
155 | \code{p = 0.99}. \code{lower.tail = FALSE} uses \code{1-p} rather than {p}.
| ^
checkRd: (-1) kiener1.Rd:167: Lost braces; missing escapes or markup?
167 | \code{p = 0.99}. \code{lower.tail = FALSE} uses \code{1-p} rather than {p}.
| ^
checkRd: (-1) kiener2.Rd:169: Lost braces; missing escapes or markup?
169 | \code{p = 0.99}. \code{lower.tail = FALSE} uses \code{1-p} rather than {p}.
| ^
checkRd: (-1) kiener2.Rd:181: Lost braces; missing escapes or markup?
181 | \code{p = 0.99}. \code{lower.tail = FALSE} uses \code{1-p} rather than {p}.
| ^
checkRd: (-1) kiener3.Rd:196: Lost braces; missing escapes or markup?
196 | \code{p = 0.99}. \code{lower.tail = FALSE} uses \code{1-p} rather than {p}.
| ^
checkRd: (-1) kiener3.Rd:208: Lost braces; missing escapes or markup?
208 | \code{p = 0.99}. \code{lower.tail = FALSE} uses \code{1-p} rather than {p}.
| ^
checkRd: (-1) kiener4.Rd:195: Lost braces; missing escapes or markup?
195 | \code{p = 0.99}. \code{lower.tail = FALSE} uses \code{1-p} rather than {p}.
| ^
checkRd: (-1) kiener4.Rd:207: Lost braces; missing escapes or markup?
207 | \code{p = 0.99}. \code{lower.tail = FALSE} uses \code{1-p} rather than {p}.
| ^
checkRd: (-1) kiener7.Rd:166: Lost braces; missing escapes or markup?
166 | \code{p = 0.99}. \code{lower.tail = FALSE} uses \code{1-p} rather than {p}.
| ^
checkRd: (-1) kiener7.Rd:178: Lost braces; missing escapes or markup?
178 | \code{p = 0.99}. \code{lower.tail = FALSE} uses \code{1-p} rather than {p}.
| ^
checkRd: (-1) laplacegaussnorm.Rd:15: Lost braces in \itemize; \value handles \item{}{} directly
checkRd: (-1) laplacegaussnorm.Rd:16: Lost braces in \itemize; \value handles \item{}{} directly
checkRd: (-1) laplacegaussnorm.Rd:17: Lost braces in \itemize; \value handles \item{}{} directly
checkRd: (-1) laplacegaussnorm.Rd:18: Lost braces in \itemize; \value handles \item{}{} directly
checkRd: (-1) laplacegaussnorm.Rd:19: Lost braces in \itemize; \value handles \item{}{} directly
checkRd: (-1) laplacegaussnorm.Rd:20: Lost braces in \itemize; \value handles \item{}{} directly
Flavors: r-devel-linux-x86_64-debian-clang, r-devel-linux-x86_64-debian-gcc