CRAN Package Check Results for Package FastSF

Last updated on 2024-02-20 04:23:54 CET.

Flavor Version Tinstall Tcheck Ttotal Status Flags
r-devel-linux-x86_64-debian-clang 0.1.1 NOTE
r-devel-linux-x86_64-debian-gcc 0.1.1 72.19 26.88 99.07 NOTE
r-devel-linux-x86_64-fedora-clang 0.1.1 189.20 NOTE
r-devel-linux-x86_64-fedora-gcc 0.1.1 182.27 NOTE
r-devel-windows-x86_64 0.1.1 69.00 70.00 139.00 NOTE
r-patched-linux-x86_64 0.1.1 78.57 34.09 112.66 NOTE
r-release-linux-x86_64 0.1.1 83.74 34.28 118.02 NOTE
r-release-macos-arm64 0.1.1 43.00 NOTE
r-release-macos-x86_64 0.1.1 83.00 NOTE
r-release-windows-x86_64 0.1.1 85.00 78.00 163.00 NOTE
r-oldrel-macos-arm64 0.1.1 41.00 NOTE
r-oldrel-windows-x86_64 0.1.1 82.00 77.00 159.00 NOTE

Check Details

Version: 0.1.1
Check: LazyData
Result: NOTE 'LazyData' is specified without a 'data' directory Flavors: r-devel-linux-x86_64-debian-clang, r-devel-linux-x86_64-debian-gcc, r-devel-linux-x86_64-fedora-clang, r-devel-linux-x86_64-fedora-gcc, r-devel-windows-x86_64, r-patched-linux-x86_64, r-release-linux-x86_64, r-release-macos-arm64, r-release-macos-x86_64, r-release-windows-x86_64, r-oldrel-macos-arm64, r-oldrel-windows-x86_64