CRAN Package Check Results for Package FRK

Last updated on 2024-03-03 04:48:36 CET.

Flavor Version Tinstall Tcheck Ttotal Status Flags
r-devel-linux-x86_64-debian-clang 2.2.1 167.24 426.82 594.06 ERROR
r-devel-linux-x86_64-debian-gcc 2.2.2 171.02 442.52 613.54 NOTE
r-devel-linux-x86_64-fedora-clang 2.2.2 935.41 NOTE
r-devel-linux-x86_64-fedora-gcc 2.2.2 1047.96 NOTE
r-devel-windows-x86_64 2.2.2 133.00 172.00 305.00 NOTE --no-vignettes
r-patched-linux-x86_64 2.2.2 157.02 562.82 719.84 NOTE
r-release-linux-x86_64 2.2.2 186.85 555.20 742.05 NOTE
r-release-macos-arm64 2.2.2 198.00 NOTE
r-release-macos-x86_64 2.2.2 308.00 NOTE
r-release-windows-x86_64 2.2.2 164.00 321.00 485.00 NOTE --no-vignettes
r-oldrel-macos-arm64 2.2.2 200.00 NOTE
r-oldrel-windows-x86_64 2.2.2 167.00 337.00 504.00 NOTE --no-vignettes

Check Details

Version: 2.2.1
Check: package dependencies
Result: NOTE Packages suggested but not available for checking: 'dggrids', 'INLA' Flavor: r-devel-linux-x86_64-debian-clang

Version: 2.2.1
Check: re-building of vignette outputs
Result: ERROR Error(s) in re-building vignettes: ... --- re-building ‘FRK_intro.Rnw’ using knitr Quitting from lines 618-633 [unnamed-chunk-31] (FRK_intro.Rnw) Error: processing vignette 'FRK_intro.Rnw' failed with diagnostics: cannot coerce type 'environment' to vector of type 'character' --- failed re-building ‘FRK_intro.Rnw’ --- re-building ‘FRK_non-Gaussian.Rnw’ using knitr --- finished re-building ‘FRK_non-Gaussian.Rnw’ SUMMARY: processing the following file failed: ‘FRK_intro.Rnw’ Error: Vignette re-building failed. Execution halted Flavor: r-devel-linux-x86_64-debian-clang

Version: 2.2.2
Check: package dependencies
Result: NOTE Packages suggested but not available for checking: 'dggrids', 'INLA' Flavors: r-devel-linux-x86_64-debian-gcc, r-patched-linux-x86_64, r-release-linux-x86_64, r-release-macos-arm64, r-release-macos-x86_64, r-oldrel-macos-arm64

Version: 2.2.2
Check: package dependencies
Result: NOTE Package suggested but not available for checking: ‘dggrids’ Flavors: r-devel-linux-x86_64-fedora-clang, r-devel-linux-x86_64-fedora-gcc

Version: 2.2.2
Check: installed package size
Result: NOTE installed size is 9.4Mb sub-directories of 1Mb or more: data 4.8Mb doc 1.9Mb libs 1.6Mb Flavors: r-devel-linux-x86_64-fedora-clang, r-release-macos-arm64, r-release-macos-x86_64, r-oldrel-macos-arm64

Version: 2.2.2
Flags: --no-vignettes
Check: package dependencies
Result: NOTE Package suggested but not available for checking: 'dggrids' Flavor: r-devel-windows-x86_64

Version: 2.2.2
Flags: --no-vignettes
Check: installed package size
Result: NOTE installed size is 20.8Mb sub-directories of 1Mb or more: data 5.0Mb doc 1.8Mb libs 13.0Mb Flavors: r-devel-windows-x86_64, r-release-windows-x86_64, r-oldrel-windows-x86_64

Version: 2.2.2
Flags: --no-vignettes
Check: package dependencies
Result: NOTE Packages suggested but not available for checking: 'dggrids', 'INLA' Flavors: r-release-windows-x86_64, r-oldrel-windows-x86_64