CRAN Package Check Results for Package FORTLS

Last updated on 2024-03-03 04:48:36 CET.

Flavor Version Tinstall Tcheck Ttotal Status Flags
r-devel-linux-x86_64-debian-clang 1.4.0 81.38 525.30 606.68 OK
r-devel-linux-x86_64-debian-gcc 1.4.0 76.70 289.17 365.87 ERROR
r-devel-linux-x86_64-fedora-clang 1.4.0 789.18 NOTE
r-devel-linux-x86_64-fedora-gcc 1.4.0 771.49 OK
r-devel-windows-x86_64 1.4.0 63.00 376.00 439.00 NOTE
r-patched-linux-x86_64 1.4.0 86.89 518.10 604.99 OK
r-release-linux-x86_64 1.4.0 65.75 534.12 599.87 OK
r-release-macos-arm64 1.4.0 199.00 NOTE
r-release-macos-x86_64 1.4.0 385.00 NOTE
r-release-windows-x86_64 1.4.0 87.00 484.00 571.00 NOTE
r-oldrel-macos-arm64 1.3.0 226.00 NOTE
r-oldrel-windows-x86_64 1.3.0 64.00 432.00 496.00 NOTE

Check Details

Version: 1.4.0
Check: re-building of vignette outputs
Result: ERROR Error(s) in re-building vignettes: ... --- re-building ‘plot_design_optimization.Rmd’ using rmarkdown Warning in in_dir(input_dir(), expr) : You changed the working directory to /home/hornik/tmp/R.check/r-devel-gcc/Work/build/Packages/FORTLS/data (probably via setwd()). It will be restored to /home/hornik/tmp/R.check/r-devel-gcc/Work/PKGS/FORTLS.Rcheck/vign_test/FORTLS/vignettes. See the Note section in ?knitr::knit --- finished re-building ‘plot_design_optimization.Rmd’ --- re-building ‘stand_level.Rmd’ using rmarkdown Warning in in_dir(input_dir(), expr) : You changed the working directory to /home/hornik/tmp/R.check/r-devel-gcc/Work/build/Packages/FORTLS/data (probably via setwd()). It will be restored to /home/hornik/tmp/R.check/r-devel-gcc/Work/PKGS/FORTLS.Rcheck/vign_test/FORTLS/vignettes. See the Note section in ?knitr::knit --- finished re-building ‘stand_level.Rmd’ --- re-building ‘tree_level.Rmd’ using rmarkdown trying URL 'https://www.dropbox.com/s/17yl25pbrapat52/PinusRadiata.laz?dl=1' Quitting from lines 22-30 [unnamed-chunk-1] (tree_level.Rmd) Error: processing vignette 'tree_level.Rmd' failed with diagnostics: cannot open URL 'https://www.dropbox.com/s/17yl25pbrapat52/PinusRadiata.laz?dl=1' --- failed re-building ‘tree_level.Rmd’ SUMMARY: processing the following file failed: ‘tree_level.Rmd’ Error: Vignette re-building failed. Execution halted Flavor: r-devel-linux-x86_64-debian-gcc

Version: 1.4.0
Check: installed package size
Result: NOTE installed size is 5.7Mb sub-directories of 1Mb or more: data 2.7Mb doc 1.1Mb help 1.0Mb Flavors: r-devel-linux-x86_64-fedora-clang, r-devel-windows-x86_64, r-release-macos-arm64, r-release-macos-x86_64, r-release-windows-x86_64

Version: 1.3.0
Check: installed package size
Result: NOTE installed size is 11.4Mb sub-directories of 1Mb or more: data 2.7Mb doc 1.1Mb libs 6.9Mb Flavors: r-oldrel-macos-arm64, r-oldrel-windows-x86_64