CRAN Package Check Results for Package FLSSS

Last updated on 2024-02-26 04:49:27 CET.

Flavor Version Tinstall Tcheck Ttotal Status Flags
r-devel-linux-x86_64-debian-clang 9.1.1 387.07 60.01 447.08 NOTE
r-devel-linux-x86_64-debian-gcc 9.1.3 346.72 47.22 393.94 NOTE
r-devel-linux-x86_64-fedora-clang 9.1.3 603.55 NOTE
r-devel-linux-x86_64-fedora-gcc 9.1.3 812.81 NOTE
r-devel-windows-x86_64 9.1.1 283.00 99.00 382.00 NOTE
r-patched-linux-x86_64 9.1.1 394.94 59.11 454.05 NOTE
r-release-linux-x86_64 9.1.3 417.52 58.64 476.16 NOTE
r-release-macos-arm64 9.1.3 159.00 NOTE
r-release-macos-x86_64 9.1.3 180.00 NOTE
r-release-windows-x86_64 9.1.3 279.00 120.00 399.00 NOTE
r-oldrel-macos-arm64 9.1.3 142.00 NOTE
r-oldrel-windows-x86_64 9.1.3 250.00 129.00 379.00 NOTE

Check Details

Version: 9.1.1
Check: C++ specification
Result: NOTE Specified C++11: please drop specification unless essential Flavors: r-devel-linux-x86_64-debian-clang, r-devel-windows-x86_64, r-patched-linux-x86_64

Version: 9.1.1
Check: for GNU extensions in Makefiles
Result: NOTE GNU make is a SystemRequirements. Flavors: r-devel-linux-x86_64-debian-clang, r-devel-windows-x86_64, r-patched-linux-x86_64

Version: 9.1.3
Check: for GNU extensions in Makefiles
Result: NOTE GNU make is a SystemRequirements. Flavors: r-devel-linux-x86_64-debian-gcc, r-devel-linux-x86_64-fedora-clang, r-devel-linux-x86_64-fedora-gcc, r-release-linux-x86_64, r-release-macos-arm64, r-release-macos-x86_64, r-release-windows-x86_64, r-oldrel-macos-arm64, r-oldrel-windows-x86_64

Version: 9.1.3
Check: installed package size
Result: NOTE installed size is 26.0Mb sub-directories of 1Mb or more: libs 25.7Mb Flavors: r-release-macos-arm64, r-release-macos-x86_64, r-oldrel-macos-arm64