Last updated on 2023-12-04 05:09:05 CET.
Flavor | Version | Tinstall | Tcheck | Ttotal | Status | Flags |
---|---|---|---|---|---|---|
r-devel-linux-x86_64-debian-clang | 0.2.4 | 4.28 | 40.47 | 44.75 | NOTE | |
r-devel-linux-x86_64-debian-gcc | 0.2.4 | 3.11 | 29.36 | 32.47 | NOTE | |
r-devel-linux-x86_64-fedora-clang | 0.2.4 | 55.75 | NOTE | |||
r-devel-linux-x86_64-fedora-gcc | 0.2.4 | 61.99 | NOTE | |||
r-devel-windows-x86_64 | 0.2.4 | 6.00 | 64.00 | 70.00 | NOTE | |
r-patched-linux-x86_64 | 0.2.4 | 3.84 | 37.09 | 40.93 | OK | |
r-release-linux-x86_64 | 0.2.4 | 3.81 | 37.10 | 40.91 | OK | |
r-release-macos-arm64 | 0.2.4 | 26.00 | OK | |||
r-release-macos-x86_64 | 0.2.4 | 41.00 | OK | |||
r-release-windows-x86_64 | 0.2.4 | 5.00 | 59.00 | 64.00 | OK | |
r-oldrel-macos-arm64 | 0.2.4 | 23.00 | OK | |||
r-oldrel-macos-x86_64 | 0.2.4 | 34.00 | OK | |||
r-oldrel-windows-x86_64 | 0.2.4 | 7.00 | 58.00 | 65.00 | OK |
Version: 0.2.4
Check: package namespace information
Result: NOTE
Found export directive that requires package ‘methods’:
‘exportClasses’
Remove all such namespace directives (if obsolete) or ensure that the
DESCRIPTION Depends or Imports field contains ‘methods’.
Flavors: r-devel-linux-x86_64-debian-clang, r-devel-linux-x86_64-debian-gcc, r-devel-linux-x86_64-fedora-clang, r-devel-linux-x86_64-fedora-gcc, r-devel-windows-x86_64