CRAN Package Check Results for Package FGLMtrunc

Last updated on 2023-12-04 05:09:05 CET.

Flavor Version Tinstall Tcheck Ttotal Status Flags
r-devel-linux-x86_64-debian-clang 0.1.0 48.85 399.56 448.41 NOTE
r-devel-linux-x86_64-debian-gcc 0.1.0 35.06 795.05 830.11 NOTE
r-devel-linux-x86_64-fedora-clang 0.1.0 457.80 NOTE
r-devel-linux-x86_64-fedora-gcc 0.1.0 578.91 NOTE
r-devel-windows-x86_64 0.1.0 39.00 250.00 289.00 NOTE
r-patched-linux-x86_64 0.1.0 41.81 588.09 629.90 NOTE
r-release-linux-x86_64 0.1.0 42.94 650.62 693.56 NOTE
r-release-macos-arm64 0.1.0 168.00 NOTE
r-release-macos-x86_64 0.1.0 240.00 NOTE
r-release-windows-x86_64 0.1.0 48.00 280.00 328.00 NOTE
r-oldrel-macos-arm64 0.1.0 148.00 OK
r-oldrel-macos-x86_64 0.1.0 148.00 OK
r-oldrel-windows-x86_64 0.1.0 46.00 271.00 317.00 OK

Check Details

Version: 0.1.0
Check: C++ specification
Result: NOTE Specified C++11: please drop specification unless essential Flavors: r-devel-linux-x86_64-debian-clang, r-devel-linux-x86_64-debian-gcc, r-devel-linux-x86_64-fedora-clang, r-devel-linux-x86_64-fedora-gcc, r-devel-windows-x86_64, r-patched-linux-x86_64, r-release-linux-x86_64, r-release-macos-arm64, r-release-macos-x86_64, r-release-windows-x86_64