CRAN Package Check Results for Package FACT

Last updated on 2024-07-14 05:53:31 CEST.

Flavor Version Tinstall Tcheck Ttotal Status Flags
r-devel-linux-x86_64-debian-clang 0.1.1 9.38 74.08 83.46 OK
r-devel-linux-x86_64-debian-gcc 0.1.1 6.90 56.31 63.21 OK
r-devel-linux-x86_64-fedora-clang 0.1.1 110.21 OK
r-devel-linux-x86_64-fedora-gcc 0.1.1 97.95 OK
r-devel-windows-x86_64 0.1.1 10.00 73.00 83.00 NOTE
r-patched-linux-x86_64 0.1.1 11.36 71.28 82.64 OK
r-release-linux-x86_64 0.1.1 8.51 71.90 80.41 OK
r-release-macos-arm64 0.1.1 31.00 OK
r-release-macos-x86_64 0.1.1 50.00 OK
r-release-windows-x86_64 0.1.1 9.00 72.00 81.00 OK
r-oldrel-macos-arm64 0.1.1 37.00 OK
r-oldrel-macos-x86_64 0.1.1 83.00 OK
r-oldrel-windows-x86_64 0.1.1 12.00 87.00 99.00 OK

Check Details

Version: 0.1.1
Check: Rd cross-references
Result: NOTE Found the following Rd file(s) with Rd \link{} targets missing package anchors: SMART.Rd: data.table Please provide package anchors for all Rd \link{} targets not in the package itself and the base packages. Flavor: r-devel-windows-x86_64