Last updated on 2023-11-29 04:57:20 CET.
Flavor | Version | Tinstall | Tcheck | Ttotal | Status | Flags |
---|---|---|---|---|---|---|
r-devel-linux-x86_64-debian-clang | 0.1 | 2.34 | 35.10 | 37.44 | NOTE | |
r-devel-linux-x86_64-debian-gcc | 0.1 | 2.12 | 26.34 | 28.46 | NOTE | |
r-devel-linux-x86_64-fedora-clang | 0.1 | 47.22 | NOTE | |||
r-devel-linux-x86_64-fedora-gcc | 0.1 | 45.04 | NOTE | |||
r-devel-windows-x86_64 | 0.1 | 3.00 | 50.00 | 53.00 | NOTE | |
r-patched-linux-x86_64 | 0.1 | 2.28 | 33.57 | 35.85 | NOTE | |
r-release-linux-x86_64 | 0.1 | 2.52 | 34.45 | 36.97 | NOTE | |
r-release-macos-arm64 | 0.1 | 17.00 | NOTE | |||
r-release-macos-x86_64 | 0.1 | 26.00 | NOTE | |||
r-release-windows-x86_64 | 0.1 | 5.00 | 50.00 | 55.00 | NOTE | |
r-oldrel-macos-arm64 | 0.1 | 21.00 | NOTE | |||
r-oldrel-macos-x86_64 | 0.1 | 23.00 | NOTE | |||
r-oldrel-windows-x86_64 | 0.1 | 5.00 | 52.00 | 57.00 | NOTE |
Version: 0.1
Check: LazyData
Result: NOTE
'LazyData' is specified without a 'data' directory
Flavors: r-devel-linux-x86_64-debian-clang, r-devel-linux-x86_64-debian-gcc, r-devel-linux-x86_64-fedora-clang, r-devel-linux-x86_64-fedora-gcc, r-devel-windows-x86_64, r-patched-linux-x86_64, r-release-linux-x86_64, r-release-macos-arm64, r-release-macos-x86_64, r-release-windows-x86_64, r-oldrel-macos-arm64, r-oldrel-macos-x86_64, r-oldrel-windows-x86_64