Last updated on 2023-12-10 04:55:56 CET.
Flavor | Version | Tinstall | Tcheck | Ttotal | Status | Flags |
---|---|---|---|---|---|---|
r-devel-linux-x86_64-debian-clang | 0.9 | 9.29 | 103.69 | 112.98 | NOTE | |
r-devel-linux-x86_64-debian-gcc | 0.9 | 10.30 | 77.97 | 88.27 | NOTE | |
r-devel-linux-x86_64-fedora-clang | 0.9 | 142.94 | OK | |||
r-devel-linux-x86_64-fedora-gcc | 0.9 | 136.06 | OK | |||
r-devel-windows-x86_64 | 0.9 | 11.00 | 86.00 | 97.00 | OK | |
r-patched-linux-x86_64 | 0.9 | 9.42 | 99.09 | 108.51 | OK | |
r-release-linux-x86_64 | 0.9 | 8.16 | 96.76 | 104.92 | OK | |
r-release-macos-arm64 | 0.9 | 44.00 | OK | |||
r-release-macos-x86_64 | 0.9 | 64.00 | OK | |||
r-release-windows-x86_64 | 0.9 | 15.00 | 107.00 | 122.00 | OK | |
r-oldrel-macos-arm64 | 0.9 | 42.00 | OK | |||
r-oldrel-macos-x86_64 | 0.9 | 70.00 | OK | |||
r-oldrel-windows-x86_64 | 0.9 | 15.00 | 109.00 | 124.00 | OK |
Version: 0.9
Check: Rd files
Result: NOTE
checkRd: (-1) ShapeDist.Rd:18: Lost braces; missing escapes or markup?
18 | Procrustes distance provides a measure of coincidence of two point sets {xi} and {yi}, i=1..N. For this purpose the variance of point deviations is calculated at the optimal superposition of the sets. It allows to characterize the shape proximity of a given simplex to shape of a reference one.
| ^
checkRd: (-1) ShapeDist.Rd:18: Lost braces; missing escapes or markup?
18 | Procrustes distance provides a measure of coincidence of two point sets {xi} and {yi}, i=1..N. For this purpose the variance of point deviations is calculated at the optimal superposition of the sets. It allows to characterize the shape proximity of a given simplex to shape of a reference one.
| ^
Flavors: r-devel-linux-x86_64-debian-clang, r-devel-linux-x86_64-debian-gcc