CRAN Package Check Results for Package EvoPhylo

Last updated on 2023-12-06 04:55:50 CET.

Flavor Version Tinstall Tcheck Ttotal Status Flags
r-devel-linux-x86_64-debian-clang 0.3.2 13.07 310.99 324.06 OK
r-devel-linux-x86_64-debian-gcc 0.3.2 10.16 225.18 235.34 OK
r-devel-linux-x86_64-fedora-clang 0.3.2 387.66 NOTE
r-devel-linux-x86_64-fedora-gcc 0.3.2 389.73 OK
r-devel-windows-x86_64 0.3.2 12.00 240.00 252.00 NOTE
r-patched-linux-x86_64 0.3.2 14.74 290.48 305.22 OK
r-release-linux-x86_64 0.3.2 8.40 289.43 297.83 OK
r-release-macos-arm64 0.3.2 129.00 NOTE
r-release-macos-x86_64 0.3.2 179.00 NOTE
r-release-windows-x86_64 0.3.2 18.00 0.00 18.00 FAIL
r-oldrel-macos-arm64 0.3.2 146.00 NOTE
r-oldrel-macos-x86_64 0.3.2 164.00 NOTE
r-oldrel-windows-x86_64 0.3.2 19.00 315.00 334.00 NOTE

Check Details

Version: 0.3.2
Check: installed package size
Result: NOTE installed size is 6.8Mb sub-directories of 1Mb or more: data 2.5Mb doc 1.6Mb extdata 2.4Mb Flavors: r-devel-linux-x86_64-fedora-clang, r-devel-windows-x86_64, r-release-macos-arm64, r-release-macos-x86_64, r-release-windows-x86_64, r-oldrel-macos-arm64, r-oldrel-macos-x86_64, r-oldrel-windows-x86_64

Version: 0.3.2
Check: PDF version of manual
Result: FAIL Check process probably crashed or hung up for 20 minutes ... killed Most likely this happened in the example checks (?), if not, ignore the following last lines of example output: > > # Load example phylogenetic data matrix > data("characters") > > # Create distance matrix > Dmatrix <- get_gower_dist(characters) > > # Find optimal partitioning scheme using PAM under k=3 partitions > cluster_df <- make_clusters(Dmatrix, k = 3) > > # Write to Nexus files > ## Not run: write_partitioned_alignments(characters, cluster_df, "example.nex") > > > > ### * <FOOTER> > ### > cleanEx() > options(digits = 7L) > base::cat("Time elapsed: ", proc.time() - base::get("ptime", pos = 'CheckExEnv'),"\n") Time elapsed: 38.47 1.77 40.25 NA NA > grDevices::dev.off() null device 1 > ### > ### Local variables: *** > ### mode: outline-minor *** > ### outline-regexp: "\\(> \\)?### [*]+" *** > ### End: *** > quit('no') ======== End of example output (where/before crash/hang up occured ?) ======== Flavor: r-release-windows-x86_64