Last updated on 2023-12-07 04:56:21 CET.
Flavor | Version | Tinstall | Tcheck | Ttotal | Status | Flags |
---|---|---|---|---|---|---|
r-devel-linux-x86_64-debian-clang | 4.0.0 | 14.37 | 264.63 | 279.00 | NOTE | |
r-devel-linux-x86_64-debian-gcc | 4.0.0 | 10.75 | 200.28 | 211.03 | NOTE | |
r-devel-linux-x86_64-fedora-clang | 4.0.0 | 355.20 | OK | |||
r-devel-linux-x86_64-fedora-gcc | 4.0.0 | 396.05 | OK | |||
r-devel-windows-x86_64 | 4.0.0 | 11.00 | 245.00 | 256.00 | OK | |
r-patched-linux-x86_64 | 4.0.0 | 19.13 | 249.40 | 268.53 | OK | |
r-release-linux-x86_64 | 4.0.0 | 13.93 | 245.34 | 259.27 | OK | |
r-release-macos-arm64 | 4.0.0 | 117.00 | OK | |||
r-release-macos-x86_64 | 4.0.0 | 182.00 | OK | |||
r-release-windows-x86_64 | 4.0.0 | 17.00 | 328.00 | 345.00 | OK | |
r-oldrel-macos-arm64 | 4.0.0 | 111.00 | OK | |||
r-oldrel-macos-x86_64 | 4.0.0 | 131.00 | OK | |||
r-oldrel-windows-x86_64 | 4.0.0 | 16.00 | 312.00 | 328.00 | OK |
Version: 4.0.0
Check: Rd files
Result: NOTE
checkRd: (-1) integration.Rd:37-38: Lost braces in \itemize; meant \describe ?
checkRd: (-1) integration.Rd:39: Lost braces in \itemize; meant \describe ?
checkRd: (-1) integration.Rd:40: Lost braces in \itemize; meant \describe ?
checkRd: (-1) integration.Rd:41-42: Lost braces in \itemize; meant \describe ?
checkRd: (-1) loess.options.Rd:25-26: Lost braces in \itemize; meant \describe ?
checkRd: (-1) loess.options.Rd:27-28: Lost braces in \itemize; meant \describe ?
checkRd: (-1) maxlogLreg.Rd:138: Lost braces; missing escapes or markup?
138 | $j^{th}$ for all the observations.
| ^
Flavors: r-devel-linux-x86_64-debian-clang, r-devel-linux-x86_64-debian-gcc