CRAN Package Check Results for Package EstimateGroupNetwork

Last updated on 2024-02-26 04:49:26 CET.

Flavor Version Tinstall Tcheck Ttotal Status Flags
r-devel-linux-x86_64-debian-clang 0.3.1 17.07 118.96 136.03 NOTE
r-devel-linux-x86_64-debian-gcc 0.3.1 12.04 88.04 100.08 NOTE
r-devel-linux-x86_64-fedora-clang 0.3.1 185.88 NOTE
r-devel-linux-x86_64-fedora-gcc 0.3.1 154.32 NOTE
r-devel-windows-x86_64 0.3.1 14.00 98.00 112.00 NOTE
r-patched-linux-x86_64 0.3.1 9.93 112.56 122.49 NOTE
r-release-linux-x86_64 0.3.1 9.98 111.71 121.69 NOTE
r-release-macos-arm64 0.3.1 45.00 NOTE
r-release-macos-x86_64 0.3.1 83.00 NOTE
r-release-windows-x86_64 0.3.1 17.00 115.00 132.00 NOTE
r-oldrel-macos-arm64 0.3.1 46.00 NOTE
r-oldrel-windows-x86_64 0.3.1 19.00 126.00 145.00 NOTE

Check Details

Version: 0.3.1
Check: LazyData
Result: NOTE 'LazyData' is specified without a 'data' directory Flavors: r-devel-linux-x86_64-debian-clang, r-devel-linux-x86_64-debian-gcc, r-devel-linux-x86_64-fedora-clang, r-devel-linux-x86_64-fedora-gcc, r-devel-windows-x86_64, r-patched-linux-x86_64, r-release-linux-x86_64, r-release-macos-arm64, r-release-macos-x86_64, r-release-windows-x86_64, r-oldrel-macos-arm64, r-oldrel-windows-x86_64