CRAN Package Check Results for Package EpiReport

Last updated on 2024-02-27 04:50:36 CET.

Flavor Version Tinstall Tcheck Ttotal Status Flags
r-devel-linux-x86_64-debian-clang 1.0.2 9.22 100.49 109.71 NOTE
r-devel-linux-x86_64-debian-gcc 1.0.2 8.13 78.83 86.96 NOTE
r-devel-linux-x86_64-fedora-clang 1.0.2 141.14 NOTE
r-devel-linux-x86_64-fedora-gcc 1.0.2 158.00 NOTE
r-devel-windows-x86_64 1.0.2 10.00 103.00 113.00 OK
r-patched-linux-x86_64 1.0.2 15.33 96.40 111.73 OK
r-release-linux-x86_64 1.0.2 6.35 100.38 106.73 OK
r-release-macos-arm64 1.0.2 51.00 OK
r-release-macos-x86_64 1.0.2 76.00 OK
r-release-windows-x86_64 1.0.2 13.00 125.00 138.00 OK
r-oldrel-macos-arm64 1.0.2 44.00 OK
r-oldrel-windows-x86_64 1.0.2 12.00 144.00 156.00 OK

Check Details

Version: 1.0.2
Check: Rd files
Result: NOTE checkRd: (-1) getAgeGender.Rd:52: Lost braces in \itemize; meant \describe ? checkRd: (-1) getAgeGender.Rd:53: Lost braces in \itemize; meant \describe ? checkRd: (-1) getAgeGender.Rd:54: Lost braces in \itemize; meant \describe ? checkRd: (-1) getAgeGender.Rd:55: Lost braces in \itemize; meant \describe ? checkRd: (-1) getMap.Rd:44-45: Lost braces in \itemize; meant \describe ? checkRd: (-1) getMap.Rd:46-48: Lost braces in \itemize; meant \describe ? checkRd: (-1) getMap.Rd:49-51: Lost braces in \itemize; meant \describe ? checkRd: (-1) getSeason.Rd:55: Lost braces in \itemize; meant \describe ? checkRd: (-1) getSeason.Rd:56: Lost braces in \itemize; meant \describe ? checkRd: (-1) getSeason.Rd:57: Lost braces in \itemize; meant \describe ? checkRd: (-1) getSeason.Rd:58: Lost braces in \itemize; meant \describe ? checkRd: (-1) getTableByMS.Rd:59: Lost braces in \itemize; meant \describe ? checkRd: (-1) getTableByMS.Rd:60: Lost braces in \itemize; meant \describe ? checkRd: (-1) getTableByMS.Rd:61-62: Lost braces in \itemize; meant \describe ? checkRd: (-1) getTrend.Rd:55: Lost braces in \itemize; meant \describe ? checkRd: (-1) getTrend.Rd:56: Lost braces in \itemize; meant \describe ? checkRd: (-1) plotAgeGender.Rd:45: Lost braces in \itemize; meant \describe ? checkRd: (-1) plotAgeGender.Rd:46: Lost braces in \itemize; meant \describe ? checkRd: (-1) plotAgeGender.Rd:47: Lost braces in \itemize; meant \describe ? checkRd: (-1) plotSeasonality.Rd:42: Lost braces in \itemize; meant \describe ? checkRd: (-1) plotSeasonality.Rd:43: Lost braces in \itemize; meant \describe ? checkRd: (-1) plotSeasonality.Rd:44: Lost braces in \itemize; meant \describe ? checkRd: (-1) plotSeasonality.Rd:45: Lost braces in \itemize; meant \describe ? checkRd: (-1) plotTS12MAvg.Rd:27: Lost braces in \itemize; meant \describe ? checkRd: (-1) plotTS12MAvg.Rd:28: Lost braces in \itemize; meant \describe ? Flavors: r-devel-linux-x86_64-debian-clang, r-devel-linux-x86_64-debian-gcc, r-devel-linux-x86_64-fedora-clang, r-devel-linux-x86_64-fedora-gcc