CRAN Package Check Results for Package EpiForsk

Last updated on 2024-06-14 05:58:21 CEST.

Flavor Version Tinstall Tcheck Ttotal Status Flags
r-devel-linux-x86_64-debian-clang 0.1.1 15.92 170.14 186.06 OK
r-devel-linux-x86_64-debian-gcc 0.1.1 0.36 1.88 2.24 ERROR
r-devel-linux-x86_64-fedora-clang 0.1.1 238.28 NOTE
r-devel-linux-x86_64-fedora-gcc 0.1.1 241.07 OK
r-devel-windows-x86_64 0.1.1 15.00 131.00 146.00 OK
r-patched-linux-x86_64 0.1.1 21.92 163.14 185.06 OK
r-release-linux-x86_64 0.1.1 11.34 157.61 168.95 OK
r-release-macos-arm64 0.1.1 67.00 OK
r-release-macos-x86_64 0.1.1 103.00 OK
r-release-windows-x86_64 0.1.1 15.00 135.00 150.00 OK
r-oldrel-macos-arm64 0.1.1 73.00 OK
r-oldrel-macos-x86_64 0.1.1 146.00 OK
r-oldrel-windows-x86_64 0.1.1 20.00 168.00 188.00 OK

Check Details

Version: 0.1.1
Check: package dependencies
Result: ERROR Packages required but not available: 'broom', 'cowplot', 'dplyr', 'forcats', 'ggplot2', 'Hmisc', 'patchwork', 'purrr', 'stringr', 'tidyr' Packages suggested but not available for checking: 'furrr', 'ggsci', 'testthat' See section ‘The DESCRIPTION file’ in the ‘Writing R Extensions’ manual. Flavor: r-devel-linux-x86_64-debian-gcc

Version: 0.1.1
Check: package dependencies
Result: NOTE Imports includes 23 non-default packages. Importing from so many packages makes the package vulnerable to any of them becoming unavailable. Move as many as possible to Suggests and use conditionally. Flavor: r-devel-linux-x86_64-fedora-clang