Last updated on 2023-11-28 04:57:17 CET.
Flavor | Version | Tinstall | Tcheck | Ttotal | Status | Flags |
---|---|---|---|---|---|---|
r-devel-linux-x86_64-debian-clang | 0.0.1 | 3.68 | 50.47 | 54.15 | NOTE | |
r-devel-linux-x86_64-debian-gcc | 0.0.1 | 3.85 | 38.65 | 42.50 | NOTE | |
r-devel-linux-x86_64-fedora-clang | 0.0.1 | 70.19 | OK | |||
r-devel-linux-x86_64-fedora-gcc | 0.0.1 | 77.75 | OK | |||
r-devel-windows-x86_64 | 0.0.1 | 5.00 | 60.00 | 65.00 | OK | |
r-patched-linux-x86_64 | 0.0.1 | 8.95 | 48.55 | 57.50 | OK | |
r-release-linux-x86_64 | 0.0.1 | 2.92 | 48.63 | 51.55 | OK | |
r-release-macos-arm64 | 0.0.1 | 33.00 | OK | |||
r-release-macos-x86_64 | 0.0.1 | 49.00 | OK | |||
r-release-windows-x86_64 | 0.0.1 | 7.00 | 66.00 | 73.00 | OK | |
r-oldrel-macos-arm64 | 0.0.1 | 31.00 | OK | |||
r-oldrel-macos-x86_64 | 0.0.1 | 35.00 | OK | |||
r-oldrel-windows-x86_64 | 0.0.1 | 7.00 | 68.00 | 75.00 | OK |
Version: 0.0.1
Check: Rd files
Result: NOTE
checkRd: (-1) EpiForsk-package.Rd:19: Lost braces in \itemize; meant \describe ?
checkRd: (-1) EpiForsk-package.Rd:20: Lost braces in \itemize; meant \describe ?
checkRd: (-1) EpiForsk-package.Rd:21: Lost braces in \itemize; meant \describe ?
checkRd: (-1) EpiForsk-package.Rd:22: Lost braces in \itemize; meant \describe ?
checkRd: (-1) EpiForsk-package.Rd:23: Lost braces in \itemize; meant \describe ?
checkRd: (-1) charlson_score.Rd:65-68: Lost braces in \itemize; meant \describe ?
checkRd: (-1) charlson_score.Rd:69-73: Lost braces in \itemize; meant \describe ?
checkRd: (-1) charlson_score.Rd:74-77: Lost braces in \itemize; meant \describe ?
Flavors: r-devel-linux-x86_64-debian-clang, r-devel-linux-x86_64-debian-gcc