Last updated on 2023-12-08 05:02:02 CET.
Flavor | Version | Tinstall | Tcheck | Ttotal | Status | Flags |
---|---|---|---|---|---|---|
r-devel-linux-x86_64-debian-clang | 1.0.5 | 1052.76 | 232.24 | 1285.00 | OK | |
r-devel-linux-x86_64-debian-gcc | 1.0.5 | 779.81 | 205.52 | 985.33 | OK | |
r-devel-linux-x86_64-fedora-clang | 1.0.5 | 1441.99 | NOTE | |||
r-devel-linux-x86_64-fedora-gcc | 1.0.5 | 1888.22 | NOTE | |||
r-devel-windows-x86_64 | 1.0.5 | 684.00 | 242.00 | 926.00 | NOTE | |
r-patched-linux-x86_64 | 1.0.5 | 692.61 | 269.90 | 962.51 | OK | |
r-release-linux-x86_64 | 1.0.5 | 0.01 | 2.79 | 2.80 | ERROR | |
r-release-macos-arm64 | 1.0.5 | 515.00 | NOTE | |||
r-release-macos-x86_64 | 1.0.5 | 762.00 | NOTE | |||
r-release-windows-x86_64 | 1.0.5 | 889.00 | 296.00 | 1185.00 | NOTE | |
r-oldrel-macos-arm64 | 1.0.5 | 436.00 | NOTE | |||
r-oldrel-macos-x86_64 | 1.0.5 | 701.00 | NOTE | |||
r-oldrel-windows-x86_64 | 1.0.5 | 816.00 | 276.00 | 1092.00 | NOTE |
Version: 1.0.5
Check: installed package size
Result: NOTE
installed size is 9.2Mb
sub-directories of 1Mb or more:
libs 8.1Mb
Flavors: r-devel-linux-x86_64-fedora-clang, r-devel-windows-x86_64, r-release-macos-arm64, r-release-macos-x86_64, r-release-windows-x86_64, r-oldrel-macos-arm64, r-oldrel-macos-x86_64, r-oldrel-windows-x86_64
Version: 1.0.5
Check: dependencies in R code
Result: NOTE
Namespaces in Imports field not imported from:
‘RcppParallel’ ‘rstantools’
All declared Imports should be used.
Flavors: r-devel-linux-x86_64-fedora-clang, r-devel-linux-x86_64-fedora-gcc
Version: 1.0.5
Check: for GNU extensions in Makefiles
Result: NOTE
GNU make is a SystemRequirements.
Flavors: r-devel-linux-x86_64-fedora-clang, r-devel-linux-x86_64-fedora-gcc, r-release-macos-arm64, r-release-macos-x86_64, r-oldrel-macos-arm64, r-oldrel-macos-x86_64
Version: 1.0.5
Check: whether package can be installed
Result: ERROR
Installation failed.
Flavor: r-release-linux-x86_64