CRAN Package Check Results for Package EVI

Last updated on 2024-06-14 05:58:22 CEST.

Flavor Version Tinstall Tcheck Ttotal Status Flags
r-devel-linux-x86_64-debian-clang 0.2.0-0 5.91 69.39 75.30 OK
r-devel-linux-x86_64-debian-gcc 0.2.0-0 0.35 1.67 2.02 ERROR
r-devel-linux-x86_64-fedora-clang 0.2.0-0 94.80 OK
r-devel-linux-x86_64-fedora-gcc 0.2.0-0 100.68 OK
r-devel-windows-x86_64 0.2.0-0 6.00 70.00 76.00 OK
r-patched-linux-x86_64 0.2.0-0 6.96 63.96 70.92 OK
r-release-linux-x86_64 0.2.0-0 4.46 66.43 70.89 OK
r-release-macos-arm64 0.2.0-0 39.00 OK
r-release-macos-x86_64 0.2.0-0 54.00 OK
r-release-windows-x86_64 0.2.0-0 7.00 70.00 77.00 OK
r-oldrel-macos-arm64 0.2.0-0 41.00 OK
r-oldrel-macos-x86_64 0.2.0-0 65.00 OK
r-oldrel-windows-x86_64 0.2.0-0 8.00 84.00 92.00 OK

Check Details

Version: 0.2.0-0
Check: package dependencies
Result: ERROR Packages required but not available: 'ggplot2', 'cowplot' Package suggested but not available for checking: ‘testthat’ See section ‘The DESCRIPTION file’ in the ‘Writing R Extensions’ manual. Flavor: r-devel-linux-x86_64-debian-gcc