CRAN Package Check Results for Package ERP

Last updated on 2024-02-21 04:55:39 CET.

Flavor Version Tinstall Tcheck Ttotal Status Flags
r-devel-linux-x86_64-debian-clang 2.2 NOTE
r-devel-linux-x86_64-debian-gcc 2.2 8.67 191.83 200.50 NOTE
r-devel-linux-x86_64-fedora-clang 2.2 292.51 OK
r-devel-linux-x86_64-fedora-gcc 2.2 309.67 OK
r-devel-windows-x86_64 2.2 9.00 199.00 208.00 OK
r-patched-linux-x86_64 2.2 9.45 240.90 250.35 OK
r-release-linux-x86_64 2.2 10.08 241.28 251.36 OK
r-release-macos-arm64 2.2 168.00 OK
r-release-macos-x86_64 2.2 228.00 OK
r-release-windows-x86_64 2.2 12.00 273.00 285.00 OK
r-oldrel-macos-arm64 2.2 146.00 OK
r-oldrel-windows-x86_64 2.2 13.00 257.00 270.00 OK

Check Details

Version: 2.2
Check: Rd files
Result: NOTE checkRd: (-1) ifa.Rd:16: Lost braces; missing escapes or markup? 16 | If Sigma has the q-factor decomposition Sigma=diag(Psi)+BB', then Sigma^{-1} | ^ checkRd: (-1) ifa.Rd:17: Lost braces; missing escapes or markup? 17 | has the corresponding q-factor decomposition Sigma^{-1}=diag(phi)(I-theta theta')diag(phi), where theta is a mxq matrix and phi the vector of | ^ checkRd: (-1) ifa.Rd:21: Lost braces; missing escapes or markup? 21 | \item{iSB}{m x q matrix (diag(Psi)+BB')^{-1}B.} | ^ checkRd: (-1) isqrtfa.Rd:15: Lost braces; missing escapes or markup? 15 | If Sigma has the q-factor decomposition Sigma=diag(Psi)+BB', then the function returns a matrix Omega such that Sigma^{-1} = Omega Omega'. Equivalently, | ^ Flavors: r-devel-linux-x86_64-debian-clang, r-devel-linux-x86_64-debian-gcc