CRAN Package Check Results for Package ELISAtools

Last updated on 2024-07-17 05:55:06 CEST.

Flavor Version Tinstall Tcheck Ttotal Status Flags
r-devel-linux-x86_64-debian-clang 0.1.5 4.11 53.45 57.56 NOTE
r-devel-linux-x86_64-debian-gcc 0.1.5 3.41 40.64 44.05 NOTE
r-devel-linux-x86_64-fedora-clang 0.1.5 72.97 NOTE
r-devel-linux-x86_64-fedora-gcc 0.1.5 83.16 NOTE
r-devel-windows-x86_64 0.1.5 5.00 82.00 87.00 NOTE
r-patched-linux-x86_64 0.1.5 5.92 52.56 58.48 NOTE
r-release-linux-x86_64 0.1.5 4.62 52.45 57.07 NOTE
r-release-macos-arm64 0.1.5 35.00 NOTE
r-release-macos-x86_64 0.1.5 55.00 NOTE
r-release-windows-x86_64 0.1.5 5.00 81.00 86.00 NOTE
r-oldrel-macos-arm64 0.1.5 33.00 NOTE
r-oldrel-macos-x86_64 0.1.5 41.00 NOTE
r-oldrel-windows-x86_64 0.1.5 6.00 83.00 89.00 NOTE

Check Details

Version: 0.1.5
Check: Rd files
Result: NOTE checkRd: (-1) prepareInitsLM.Rd:21-23: Lost braces in \itemize; \value handles \item{}{} directly Flavors: r-devel-linux-x86_64-debian-clang, r-devel-linux-x86_64-debian-gcc, r-devel-linux-x86_64-fedora-clang, r-devel-linux-x86_64-fedora-gcc, r-devel-windows-x86_64, r-patched-linux-x86_64, r-release-linux-x86_64, r-release-macos-arm64, r-release-macos-x86_64, r-release-windows-x86_64

Version: 0.1.5
Check: LazyData
Result: NOTE 'LazyData' is specified without a 'data' directory Flavors: r-devel-linux-x86_64-debian-clang, r-devel-linux-x86_64-debian-gcc, r-devel-linux-x86_64-fedora-clang, r-devel-linux-x86_64-fedora-gcc, r-devel-windows-x86_64, r-patched-linux-x86_64, r-release-linux-x86_64, r-release-macos-arm64, r-release-macos-x86_64, r-release-windows-x86_64, r-oldrel-macos-arm64, r-oldrel-macos-x86_64, r-oldrel-windows-x86_64

Version: 0.1.5
Check: Rd cross-references
Result: NOTE Found the following Rd file(s) with Rd \link{} targets missing package anchors: elisa_batch-class.Rd: nls.lm elisa_batch.Rd: nls.lm elisa_plate-class.Rd: nls.lm elisa_plate.Rd: nls.lm elisa_run-class.Rd: nls.lm elisa_run.Rd: nls.lm Please provide package anchors for all Rd \link{} targets not in the package itself and the base packages. Flavor: r-devel-windows-x86_64