CRAN Package Check Results for Package EFS

Last updated on 2024-02-26 04:49:25 CET.

Flavor Version Tinstall Tcheck Ttotal Status Flags
r-devel-linux-x86_64-debian-clang 1.0.3 9.80 86.88 96.68 NOTE
r-devel-linux-x86_64-debian-gcc 1.0.3 7.16 67.87 75.03 NOTE
r-devel-linux-x86_64-fedora-clang 1.0.3 140.12 NOTE
r-devel-linux-x86_64-fedora-gcc 1.0.3 117.33 NOTE
r-devel-windows-x86_64 1.0.3 10.00 80.00 90.00 OK
r-patched-linux-x86_64 1.0.3 14.38 86.73 101.11 NOTE
r-release-linux-x86_64 1.0.3 8.48 86.24 94.72 NOTE
r-release-macos-arm64 1.0.3 43.00 OK
r-release-macos-x86_64 1.0.3 74.00 OK
r-release-windows-x86_64 1.0.3 13.00 95.00 108.00 OK
r-oldrel-macos-arm64 1.0.3 34.00 OK
r-oldrel-windows-x86_64 1.0.3 13.00 101.00 114.00 OK

Check Details

Version: 1.0.3
Check: for non-standard things in the check directory
Result: NOTE Found the following files/directories: ‘eval_test_LG_ROC.pdf’ ‘test.pdf’ Flavors: r-devel-linux-x86_64-debian-clang, r-devel-linux-x86_64-debian-gcc, r-devel-linux-x86_64-fedora-clang, r-devel-linux-x86_64-fedora-gcc, r-patched-linux-x86_64, r-release-linux-x86_64