CRAN Package Check Results for Package EFA.MRFA

Last updated on 2024-03-02 04:48:21 CET.

Flavor Version Tinstall Tcheck Ttotal Status Flags
r-devel-linux-x86_64-debian-clang 1.1.2 4.65 44.19 48.84 OK
r-devel-linux-x86_64-debian-gcc 1.1.2 3.64 33.11 36.75 OK
r-devel-linux-x86_64-fedora-clang 1.1.2 61.85 NOTE
r-devel-linux-x86_64-fedora-gcc 1.1.2 57.86 NOTE
r-devel-windows-x86_64 1.1.2 5.00 54.00 59.00 OK
r-patched-linux-x86_64 1.1.2 4.52 43.06 47.58 OK
r-release-linux-x86_64 1.1.2 3.17 43.92 47.09 OK
r-release-macos-arm64 1.1.2 21.00 OK
r-release-macos-x86_64 1.1.2 31.00 OK
r-release-windows-x86_64 1.1.2 5.00 58.00 63.00 OK
r-oldrel-macos-arm64 1.1.2 22.00 NOTE
r-oldrel-windows-x86_64 1.1.2 6.00 64.00 70.00 OK

Check Details

Version: 1.1.2
Check: dependencies in R code
Result: NOTE Namespace in Imports field not imported from: ‘PCovR’ All declared Imports should be used. Flavors: r-devel-linux-x86_64-fedora-clang, r-devel-linux-x86_64-fedora-gcc, r-oldrel-macos-arm64