Last updated on 2023-12-10 04:55:56 CET.
Flavor | Version | Tinstall | Tcheck | Ttotal | Status | Flags |
---|---|---|---|---|---|---|
r-devel-linux-x86_64-debian-clang | 1.0 | 1.78 | 28.91 | 30.69 | OK | |
r-devel-linux-x86_64-debian-gcc | 1.0 | 1.67 | 22.21 | 23.88 | OK | |
r-devel-linux-x86_64-fedora-clang | 1.0 | 37.86 | NOTE | |||
r-devel-linux-x86_64-fedora-gcc | 1.0 | 36.27 | OK | |||
r-devel-windows-x86_64 | 1.0 | 3.00 | 44.00 | 47.00 | OK | |
r-patched-linux-x86_64 | 1.0 | 2.03 | 26.74 | 28.77 | OK | |
r-release-linux-x86_64 | 1.0 | 1.91 | 26.42 | 28.33 | OK | |
r-release-macos-arm64 | 1.0 | 17.00 | OK | |||
r-release-macos-x86_64 | 1.0 | 23.00 | OK | |||
r-release-windows-x86_64 | 1.0 | 3.00 | 44.00 | 47.00 | OK | |
r-oldrel-macos-arm64 | 1.0 | 16.00 | OK | |||
r-oldrel-macos-x86_64 | 1.0 | 24.00 | OK | |||
r-oldrel-windows-x86_64 | 1.0 | 4.00 | 46.00 | 50.00 | OK |
Version: 1.0
Check: Rd cross-references
Result: NOTE
Undeclared package ‘T2EQ’ in Rd xrefs
Flavor: r-devel-linux-x86_64-fedora-clang