CRAN Package Check Results for Package DominoDataR

Last updated on 2024-02-21 04:55:38 CET.

Flavor Version Tinstall Tcheck Ttotal Status Flags
r-devel-linux-x86_64-debian-clang 0.2.3 ERROR
r-devel-linux-x86_64-debian-gcc 0.2.3 7.09 69.57 76.66 NOTE
r-devel-linux-x86_64-fedora-clang 0.2.3 2.03 ERROR
r-devel-linux-x86_64-fedora-gcc 0.2.3 120.39 OK
r-devel-windows-x86_64 0.2.3 10.00 107.00 117.00 OK
r-patched-linux-x86_64 0.2.3 8.82 91.04 99.86 OK
r-release-linux-x86_64 0.2.3 8.65 89.16 97.81 OK
r-release-macos-arm64 0.2.3 42.00 OK
r-release-macos-x86_64 0.2.3 97.00 OK
r-release-windows-x86_64 0.2.3 10.00 110.00 120.00 OK
r-oldrel-macos-arm64 0.2.3 41.00 OK
r-oldrel-windows-x86_64 0.2.3 11.00 111.00 122.00 OK

Check Details

Version: 0.2.3
Check: package dependencies
Result: ERROR Package required but not available: ‘arrow’ See section ‘The DESCRIPTION file’ in the ‘Writing R Extensions’ manual. Flavors: r-devel-linux-x86_64-debian-clang, r-devel-linux-x86_64-fedora-clang

Version: 0.2.3
Check: Rd files
Result: NOTE checkRd: (-1) py_select_interpreter.Rd:5: Lost braces; missing escapes or markup? 5 | \title{Tell {reticulate} to use Python Conda version available on Domino Data Lab.} | ^ Flavor: r-devel-linux-x86_64-debian-gcc