CRAN Package Check Results for Package DirStats

Last updated on 2024-03-01 04:51:40 CET.

Flavor Version Tinstall Tcheck Ttotal Status Flags
r-devel-linux-x86_64-debian-clang 0.1.9 4.76 36.24 41.00 OK
r-devel-linux-x86_64-debian-gcc 0.1.9 3.95 27.12 31.07 OK
r-devel-linux-x86_64-fedora-clang 0.1.9 53.47 NOTE
r-devel-linux-x86_64-fedora-gcc 0.1.9 49.05 OK
r-devel-windows-x86_64 0.1.9 8.00 53.00 61.00 OK
r-patched-linux-x86_64 0.1.9 5.28 35.59 40.87 OK
r-release-linux-x86_64 0.1.9 5.23 35.20 40.43 OK
r-release-macos-arm64 0.1.9 23.00 OK
r-release-macos-x86_64 0.1.9 41.00 OK
r-release-windows-x86_64 0.1.9 9.00 58.00 67.00 OK
r-oldrel-macos-arm64 0.1.9 21.00 OK
r-oldrel-windows-x86_64 0.1.9 8.00 63.00 71.00 OK

Check Details

Version: 0.1.9
Check: installed package size
Result: NOTE installed size is 5.2Mb sub-directories of 1Mb or more: libs 4.9Mb Flavor: r-devel-linux-x86_64-fedora-clang