Last updated on 2023-12-09 04:50:48 CET.
Flavor | Version | Tinstall | Tcheck | Ttotal | Status | Flags |
---|---|---|---|---|---|---|
r-devel-linux-x86_64-debian-clang | 1.8.2 | 12.01 | 62.55 | 74.56 | NOTE | |
r-devel-linux-x86_64-debian-gcc | 1.8.2 | 10.64 | 46.21 | 56.85 | NOTE | |
r-devel-linux-x86_64-fedora-clang | 1.8.2 | 93.75 | NOTE | |||
r-devel-linux-x86_64-fedora-gcc | 1.8.2 | 90.08 | NOTE | |||
r-devel-windows-x86_64 | 1.8.2 | 13.00 | 67.00 | 80.00 | NOTE | |
r-patched-linux-x86_64 | 1.8.2 | 14.39 | 58.54 | 72.93 | NOTE | |
r-release-linux-x86_64 | 1.8.2 | 13.28 | 57.58 | 70.86 | NOTE | |
r-release-macos-arm64 | 1.8.2 | 31.00 | NOTE | |||
r-release-macos-x86_64 | 1.8.2 | 45.00 | NOTE | |||
r-release-windows-x86_64 | 1.8.2 | 17.00 | 76.00 | 93.00 | NOTE | |
r-oldrel-macos-arm64 | 1.8.2 | 26.00 | NOTE | |||
r-oldrel-macos-x86_64 | 1.8.2 | 54.00 | NOTE | |||
r-oldrel-windows-x86_64 | 1.8.2 | 19.00 | 75.00 | 94.00 | OK |
Version: 1.8.2
Check: package subdirectories
Result: NOTE
Problems with news in ‘NEWS.md’:
Cannot extract version info from the following section titles:
Datastream DWE - now decommissioned by Refinitiv
CRAN
Flavors: r-devel-linux-x86_64-debian-clang, r-devel-linux-x86_64-debian-gcc, r-devel-linux-x86_64-fedora-clang, r-devel-linux-x86_64-fedora-gcc, r-devel-windows-x86_64, r-patched-linux-x86_64, r-release-linux-x86_64, r-release-macos-arm64, r-release-macos-x86_64, r-release-windows-x86_64
Version: 1.8.2
Check: Rd \usage sections
Result: NOTE
Documented arguments not in \usage in Rd file 'dotgetJSONValue.Rd':
‘x’
Functions with \usage entries need to have the appropriate \alias
entries, and all their arguments documented.
The \usage entries must correspond to syntactically valid R code.
See chapter ‘Writing R documentation files’ in the ‘Writing R
Extensions’ manual.
Flavors: r-devel-linux-x86_64-debian-clang, r-devel-linux-x86_64-debian-gcc, r-devel-linux-x86_64-fedora-clang, r-devel-linux-x86_64-fedora-gcc, r-devel-windows-x86_64
Version: 1.8.2
Check: data for non-ASCII characters
Result: NOTE
Note: found 8 marked Latin-1 strings
Flavors: r-devel-linux-x86_64-fedora-clang, r-devel-linux-x86_64-fedora-gcc, r-oldrel-macos-arm64, r-oldrel-macos-x86_64