CRAN Package Check Results for Package DSSP

Last updated on 2024-02-25 04:51:04 CET.

Flavor Version Tinstall Tcheck Ttotal Status Flags
r-devel-linux-x86_64-debian-clang 0.1.1 71.95 159.96 231.91 NOTE
r-devel-linux-x86_64-debian-gcc 0.1.1 60.65 175.62 236.27 NOTE
r-devel-linux-x86_64-fedora-clang 0.1.1 321.14 NOTE
r-devel-linux-x86_64-fedora-gcc 0.1.1 398.36 NOTE
r-devel-windows-x86_64 0.1.1 58.00 182.00 240.00 NOTE
r-patched-linux-x86_64 0.1.1 57.22 218.86 276.08 NOTE
r-release-linux-x86_64 0.1.1 57.61 217.24 274.85 NOTE
r-release-macos-arm64 0.1.1 135.00 NOTE
r-release-macos-x86_64 0.1.1 206.00 NOTE
r-release-windows-x86_64 0.1.1 74.00 242.00 316.00 NOTE
r-oldrel-macos-arm64 0.1.1 160.00 OK
r-oldrel-windows-x86_64 0.1.1 74.00 246.00 320.00 OK

Check Details

Version: 0.1.1
Check: C++ specification
Result: NOTE Specified C++11: please drop specification unless essential Flavors: r-devel-linux-x86_64-debian-clang, r-devel-linux-x86_64-debian-gcc, r-devel-linux-x86_64-fedora-clang, r-devel-linux-x86_64-fedora-gcc, r-devel-windows-x86_64, r-patched-linux-x86_64, r-release-linux-x86_64, r-release-macos-arm64, r-release-macos-x86_64, r-release-windows-x86_64