CRAN Package Check Results for Package DRomics

Last updated on 2024-06-14 05:58:20 CEST.

Flavor Version Tinstall Tcheck Ttotal Status Flags
r-devel-linux-x86_64-debian-clang 2.5-2 43.78 875.89 919.67 OK
r-devel-linux-x86_64-debian-gcc 2.5-2 0.74 1.92 2.66 ERROR
r-devel-linux-x86_64-fedora-clang 2.5-2 1224.21 NOTE
r-devel-linux-x86_64-fedora-gcc 2.5-2 897.79 OK
r-devel-windows-x86_64 2.5-2 38.00 575.00 613.00 NOTE
r-patched-linux-x86_64 2.5-2 47.84 845.24 893.08 OK
r-release-linux-x86_64 2.5-2 37.38 848.67 886.05 OK
r-release-macos-arm64 2.5-2 295.00 NOTE
r-release-macos-x86_64 2.5-2 479.00 NOTE
r-release-windows-x86_64 2.5-2 37.00 572.00 609.00 NOTE
r-oldrel-macos-arm64 2.5-2 301.00 NOTE
r-oldrel-macos-x86_64 2.5-2 609.00 NOTE
r-oldrel-windows-x86_64 2.5-2 51.00 803.00 854.00 NOTE

Check Details

Version: 2.5-2
Check: package dependencies
Result: ERROR Packages required but not available: 'DESeq2', 'ggplot2', 'ggfortify' Packages suggested but not available for checking: 'testthat', 'sva', 'plotly' See section ‘The DESCRIPTION file’ in the ‘Writing R Extensions’ manual. Flavor: r-devel-linux-x86_64-debian-gcc

Version: 2.5-2
Check: installed package size
Result: NOTE installed size is 6.1Mb sub-directories of 1Mb or more: doc 2.9Mb Flavors: r-devel-linux-x86_64-fedora-clang, r-devel-windows-x86_64, r-release-macos-arm64, r-release-macos-x86_64, r-release-windows-x86_64, r-oldrel-macos-arm64, r-oldrel-macos-x86_64, r-oldrel-windows-x86_64