CRAN Package Check Results for Package DRR

Last updated on 2024-02-29 04:54:13 CET.

Flavor Version Tinstall Tcheck Ttotal Status Flags
r-devel-linux-x86_64-debian-clang 0.0.4 11.10 256.10 267.20 NOTE
r-devel-linux-x86_64-debian-gcc 0.0.4 7.71 194.56 202.27 NOTE
r-devel-linux-x86_64-fedora-clang 0.0.4 315.24 NOTE
r-devel-linux-x86_64-fedora-gcc 0.0.4 326.36 NOTE
r-devel-windows-x86_64 0.0.4 8.00 172.00 180.00 NOTE
r-patched-linux-x86_64 0.0.4 7.64 256.09 263.73 NOTE
r-release-linux-x86_64 0.0.4 9.19 254.48 263.67 NOTE
r-release-macos-arm64 0.0.4 91.00 NOTE
r-release-macos-x86_64 0.0.4 175.00 NOTE
r-release-windows-x86_64 0.0.4 11.00 239.00 250.00 NOTE
r-oldrel-macos-arm64 0.0.4 83.00 NOTE
r-oldrel-windows-x86_64 0.0.4 11.00 238.00 249.00 NOTE

Check Details

Version: 0.0.4
Check: LazyData
Result: NOTE 'LazyData' is specified without a 'data' directory Flavors: r-devel-linux-x86_64-debian-clang, r-devel-linux-x86_64-debian-gcc, r-devel-linux-x86_64-fedora-clang, r-devel-linux-x86_64-fedora-gcc, r-devel-windows-x86_64, r-patched-linux-x86_64, r-release-linux-x86_64, r-release-macos-arm64, r-release-macos-x86_64, r-release-windows-x86_64, r-oldrel-macos-arm64, r-oldrel-windows-x86_64