Last updated on 2023-12-08 05:02:02 CET.
Flavor | Version | Tinstall | Tcheck | Ttotal | Status | Flags |
---|---|---|---|---|---|---|
r-devel-linux-x86_64-debian-clang | 0.2.3 | 7.00 | 56.01 | 63.01 | NOTE | |
r-devel-linux-x86_64-debian-gcc | 0.2.3 | 6.39 | 42.13 | 48.52 | NOTE | |
r-devel-linux-x86_64-fedora-clang | 0.2.3 | 79.04 | OK | |||
r-devel-linux-x86_64-fedora-gcc | 0.2.3 | 73.88 | OK | |||
r-devel-windows-x86_64 | 0.2.3 | 8.00 | 71.00 | 79.00 | OK | |
r-patched-linux-x86_64 | 0.2.3 | 7.51 | 54.42 | 61.93 | OK | |
r-release-linux-x86_64 | 0.2.3 | 5.42 | 53.63 | 59.05 | OK | |
r-release-macos-arm64 | 0.2.3 | 28.00 | OK | |||
r-release-macos-x86_64 | 0.2.3 | 46.00 | OK | |||
r-release-windows-x86_64 | 0.2.3 | 10.00 | 70.00 | 80.00 | OK | |
r-oldrel-macos-arm64 | 0.2.3 | 32.00 | OK | |||
r-oldrel-macos-x86_64 | 0.2.3 | 40.00 | OK | |||
r-oldrel-windows-x86_64 | 0.2.3 | 12.00 | 75.00 | 87.00 | OK |
Version: 0.2.3
Check: Rd files
Result: NOTE
checkRd: (-1) module_atemp_pl_server.Rd:19: Lost braces; missing escapes or markup?
19 | expression: input_re = reactive({input})}
| ^
checkRd: (-1) module_completeness_server.Rd:19: Lost braces; missing escapes or markup?
19 | expression: input_re = reactive({input})}
| ^
checkRd: (-1) module_config_server.Rd:19: Lost braces; missing escapes or markup?
19 | expression: input_re = reactive({input})}
| ^
checkRd: (-1) module_dashboard_server.Rd:19: Lost braces; missing escapes or markup?
19 | expression: input_re = reactive({input})}
| ^
checkRd: (-1) module_descriptive_server.Rd:19: Lost braces; missing escapes or markup?
19 | expression: input_re = reactive({input})}
| ^
checkRd: (-1) module_log_server.Rd:19: Lost braces; missing escapes or markup?
19 | expression: input_re = reactive({input})}
| ^
checkRd: (-1) module_mdr_server.Rd:19: Lost braces; missing escapes or markup?
19 | expression: input_re = reactive({input})}
| ^
checkRd: (-1) module_report_server.Rd:19: Lost braces; missing escapes or markup?
19 | expression: input_re = reactive({input})}
| ^
checkRd: (-1) module_uniq_plaus_server.Rd:19: Lost braces; missing escapes or markup?
19 | expression: input_re = reactive({input})}
| ^
Flavors: r-devel-linux-x86_64-debian-clang, r-devel-linux-x86_64-debian-gcc