Last updated on 2023-12-10 04:55:55 CET.
Flavor | Version | Tinstall | Tcheck | Ttotal | Status | Flags |
---|---|---|---|---|---|---|
r-devel-linux-x86_64-debian-clang | 0.0.2 | 9.43 | 65.82 | 75.25 | NOTE | |
r-devel-linux-x86_64-debian-gcc | 0.0.2 | 5.20 | 49.53 | 54.73 | NOTE | |
r-devel-linux-x86_64-fedora-clang | 0.0.2 | 91.85 | OK | |||
r-devel-linux-x86_64-fedora-gcc | 0.0.2 | 87.89 | OK | |||
r-devel-windows-x86_64 | 0.0.2 | 10.00 | 72.00 | 82.00 | OK | |
r-patched-linux-x86_64 | 0.0.2 | 11.51 | 63.79 | 75.30 | OK | |
r-release-linux-x86_64 | 0.0.2 | 7.82 | 63.43 | 71.25 | OK | |
r-release-macos-arm64 | 0.0.2 | 34.00 | OK | |||
r-release-macos-x86_64 | 0.0.2 | 48.00 | OK | |||
r-release-windows-x86_64 | 0.0.2 | 13.00 | 81.00 | 94.00 | OK | |
r-oldrel-macos-arm64 | 0.0.2 | 32.00 | OK | |||
r-oldrel-macos-x86_64 | 0.0.2 | 68.00 | OK | |||
r-oldrel-windows-x86_64 | 0.0.2 | 16.00 | 88.00 | 104.00 | OK |
Version: 0.0.2
Check: Rd files
Result: NOTE
checkRd: (-1) outliers.ranking.Rd:142: Lost braces; missing escapes or markup?
142 | max ( 0, ( |g_{y,i}| - |g_{x,i}| ) / ( |g_{y,i}| + |g_{x,i}| ) ),
| ^
checkRd: (-1) outliers.ranking.Rd:142: Lost braces; missing escapes or markup?
142 | max ( 0, ( |g_{y,i}| - |g_{x,i}| ) / ( |g_{y,i}| + |g_{x,i}| ) ),
| ^
checkRd: (-1) outliers.ranking.Rd:142: Lost braces; missing escapes or markup?
142 | max ( 0, ( |g_{y,i}| - |g_{x,i}| ) / ( |g_{y,i}| + |g_{x,i}| ) ),
| ^
checkRd: (-1) outliers.ranking.Rd:142: Lost braces; missing escapes or markup?
142 | max ( 0, ( |g_{y,i}| - |g_{x,i}| ) / ( |g_{y,i}| + |g_{x,i}| ) ),
| ^
checkRd: (-1) outliers.ranking.Rd:143: Lost braces; missing escapes or markup?
143 | where g_{y,i} and g_{x,i} are the two groups involved in the merge at
| ^
checkRd: (-1) outliers.ranking.Rd:143: Lost braces; missing escapes or markup?
143 | where g_{y,i} and g_{x,i} are the two groups involved in the merge at
| ^
checkRd: (-1) outliers.ranking.Rd:144: Lost braces; missing escapes or markup?
144 | step i, and g_{x,i} is the group which X belongs to. Note that if X
| ^
Flavors: r-devel-linux-x86_64-debian-clang, r-devel-linux-x86_64-debian-gcc