CRAN Package Check Results for Package DGM

Last updated on 2024-05-30 06:08:40 CEST.

Flavor Version Tinstall Tcheck Ttotal Status Flags
r-devel-linux-x86_64-debian-clang 1.7.4 45.06 123.72 168.78 NOTE
r-devel-linux-x86_64-debian-gcc 1.7.4 30.86 92.52 123.38 NOTE
r-devel-linux-x86_64-fedora-clang 1.7.4 219.69 NOTE
r-devel-linux-x86_64-fedora-gcc 1.7.4 211.64 NOTE
r-devel-windows-x86_64 1.7.4 38.00 129.00 167.00 NOTE
r-patched-linux-x86_64 1.7.4 37.09 118.35 155.44 NOTE
r-release-linux-x86_64 1.7.4 35.01 118.83 153.84 NOTE
r-release-macos-arm64 1.7.4 54.00 NOTE
r-release-windows-x86_64 1.7.4 38.00 125.00 163.00 NOTE
r-oldrel-macos-arm64 1.7.4 57.00 NOTE
r-oldrel-macos-x86_64 1.7.4 106.00 NOTE
r-oldrel-windows-x86_64 1.7.4 47.00 159.00 206.00 NOTE

Check Details

Version: 1.7.4
Check: C++ specification
Result: NOTE Specified C++11: please drop specification unless essential Flavors: r-devel-linux-x86_64-debian-clang, r-devel-linux-x86_64-debian-gcc, r-devel-linux-x86_64-fedora-clang, r-devel-linux-x86_64-fedora-gcc, r-devel-windows-x86_64, r-patched-linux-x86_64, r-release-linux-x86_64, r-release-macos-arm64, r-release-windows-x86_64, r-oldrel-macos-arm64, r-oldrel-macos-x86_64, r-oldrel-windows-x86_64