CRAN Package Check Results for Package DGM

Last updated on 2023-12-02 04:52:11 CET.

Flavor Version Tinstall Tcheck Ttotal Status Flags
r-devel-linux-x86_64-debian-clang 1.7.4 43.24 127.04 170.28 NOTE
r-devel-linux-x86_64-debian-gcc 1.7.4 32.38 93.44 125.82 NOTE
r-devel-linux-x86_64-fedora-clang 1.7.4 220.99 NOTE
r-devel-linux-x86_64-fedora-gcc 1.7.4 213.03 NOTE
r-devel-windows-x86_64 1.7.4 38.00 132.00 170.00 NOTE
r-patched-linux-x86_64 1.7.4 35.10 119.23 154.33 NOTE
r-release-linux-x86_64 1.7.4 37.97 119.01 156.98 NOTE
r-release-macos-arm64 1.7.4 57.00 NOTE
r-release-macos-x86_64 1.7.4 106.00 NOTE
r-release-windows-x86_64 1.7.4 46.00 160.00 206.00 NOTE
r-oldrel-macos-arm64 1.7.4 58.00 OK
r-oldrel-macos-x86_64 1.7.4 107.00 OK
r-oldrel-windows-x86_64 1.7.4 44.00 152.00 196.00 OK

Check Details

Version: 1.7.4
Check: C++ specification
Result: NOTE Specified C++11: please drop specification unless essential Flavors: r-devel-linux-x86_64-debian-clang, r-devel-linux-x86_64-debian-gcc, r-devel-linux-x86_64-fedora-clang, r-devel-linux-x86_64-fedora-gcc, r-devel-windows-x86_64, r-patched-linux-x86_64, r-release-linux-x86_64, r-release-macos-arm64, r-release-macos-x86_64, r-release-windows-x86_64