CRAN Package Check Results for Package DFD

Last updated on 2024-06-22 05:48:56 CEST.

Flavor Version Tinstall Tcheck Ttotal Status Flags
r-devel-linux-x86_64-debian-clang 0.1.0 38.97 524.83 563.80 OK
r-devel-linux-x86_64-debian-gcc 0.1.0 30.99 397.63 428.62 OK
r-devel-linux-x86_64-fedora-clang 0.1.0 741.32 OK
r-devel-linux-x86_64-fedora-gcc 0.1.0 736.88 OK
r-devel-windows-x86_64 0.1.0 51.00 338.00 389.00 OK
r-patched-linux-x86_64 0.1.0 49.17 493.56 542.73 OK
r-release-linux-x86_64 0.1.0 64.02 489.13 553.15 OK
r-release-macos-arm64 0.1.0 5.00 ERROR
r-release-macos-x86_64 0.1.0 305.00 OK
r-release-windows-x86_64 0.1.0 53.00 346.00 399.00 OK
r-oldrel-macos-arm64 0.1.0 10.00 ERROR
r-oldrel-macos-x86_64 0.1.0 11.00 ERROR
r-oldrel-windows-x86_64 0.1.0 1.00 7.00 8.00 ERROR

Check Details

Version: 0.1.0
Check: package dependencies
Result: ERROR Package required but not available: ‘signatureSearch’ See section ‘The DESCRIPTION file’ in the ‘Writing R Extensions’ manual. Flavor: r-release-macos-arm64

Version: 0.1.0
Check: package dependencies
Result: ERROR Packages required but not available: 'signatureSearch', 'signatureSearchData' See section ‘The DESCRIPTION file’ in the ‘Writing R Extensions’ manual. Flavors: r-oldrel-macos-arm64, r-oldrel-macos-x86_64

Version: 0.1.0
Check: package dependencies
Result: ERROR Package required but not available: 'signatureSearchData' See section 'The DESCRIPTION file' in the 'Writing R Extensions' manual. Flavor: r-oldrel-windows-x86_64