Last updated on 2023-12-10 04:55:55 CET.
Flavor | Version | Tinstall | Tcheck | Ttotal | Status | Flags |
---|---|---|---|---|---|---|
r-devel-linux-x86_64-debian-clang | 1.1.2 | 198.51 | 300.08 | 498.59 | NOTE | |
r-devel-linux-x86_64-debian-gcc | 1.1.2 | 141.11 | 252.83 | 393.94 | NOTE | |
r-devel-linux-x86_64-fedora-clang | 1.1.2 | 712.84 | NOTE | |||
r-devel-linux-x86_64-fedora-gcc | 1.1.2 | 716.30 | NOTE | |||
r-devel-windows-x86_64 | 1.1.2 | 157.00 | 271.00 | 428.00 | NOTE | |
r-patched-linux-x86_64 | 1.1.2 | 120.52 | 305.72 | 426.24 | NOTE | |
r-release-linux-x86_64 | 1.1.2 | 163.04 | 295.74 | 458.78 | NOTE | |
r-release-macos-arm64 | 1.1.2 | 180.00 | NOTE | |||
r-release-macos-x86_64 | 1.1.2 | 337.00 | NOTE | |||
r-release-windows-x86_64 | 1.1.2 | 200.00 | 341.00 | 541.00 | NOTE | |
r-oldrel-macos-arm64 | 1.1.2 | 155.00 | NOTE | |||
r-oldrel-macos-x86_64 | 1.1.2 | 234.00 | NOTE | |||
r-oldrel-windows-x86_64 | 1.1.2 | 197.00 | 327.00 | 524.00 | OK |
Version: 1.1.2
Check: C++ specification
Result: NOTE
Specified C++11: please drop specification unless essential
Flavors: r-devel-linux-x86_64-debian-clang, r-devel-linux-x86_64-debian-gcc, r-devel-linux-x86_64-fedora-clang, r-devel-linux-x86_64-fedora-gcc, r-devel-windows-x86_64, r-patched-linux-x86_64, r-release-linux-x86_64, r-release-macos-arm64, r-release-macos-x86_64, r-release-windows-x86_64
Version: 1.1.2
Check: Rd files
Result: NOTE
checkRd: (-1) kernel.assign.Rd:27: Lost braces; missing escapes or markup?
27 | {q = [0, 1]}. Kernels are of the Müller-Wang type ("MW"), Müller type ("M")
| ^
Flavors: r-devel-linux-x86_64-debian-clang, r-devel-linux-x86_64-debian-gcc
Version: 1.1.2
Check: installed package size
Result: NOTE
installed size is 8.0Mb
sub-directories of 1Mb or more:
data 1.9Mb
libs 5.5Mb
Flavors: r-release-macos-arm64, r-release-macos-x86_64, r-oldrel-macos-arm64, r-oldrel-macos-x86_64