Last updated on 2023-12-10 04:55:55 CET.
Flavor | Version | Tinstall | Tcheck | Ttotal | Status | Flags |
---|---|---|---|---|---|---|
r-devel-linux-x86_64-debian-clang | 0.0.1 | 4.18 | 27.88 | 32.06 | NOTE | |
r-devel-linux-x86_64-debian-gcc | 0.0.1 | 3.76 | 21.50 | 25.26 | NOTE | |
r-devel-linux-x86_64-fedora-clang | 0.0.1 | 43.62 | NOTE | |||
r-devel-linux-x86_64-fedora-gcc | 0.0.1 | 53.48 | NOTE | |||
r-devel-windows-x86_64 | 0.0.1 | 5.00 | 45.00 | 50.00 | OK | |
r-patched-linux-x86_64 | 0.0.1 | 4.05 | 27.07 | 31.12 | OK | |
r-release-linux-x86_64 | 0.0.1 | 4.74 | 26.98 | 31.72 | OK | |
r-release-macos-arm64 | 0.0.1 | 26.00 | OK | |||
r-release-macos-x86_64 | 0.0.1 | 36.00 | OK | |||
r-release-windows-x86_64 | 0.0.1 | 7.00 | 45.00 | 52.00 | OK | |
r-oldrel-macos-arm64 | 0.0.1 | 21.00 | NOTE | |||
r-oldrel-macos-x86_64 | 0.0.1 | 33.00 | NOTE | |||
r-oldrel-windows-x86_64 | 0.0.1 | 8.00 | 49.00 | 57.00 | OK |
Version: 0.0.1
Check: Rd files
Result: NOTE
checkRd: (-1) data.Rd:11: Lost braces
11 | \doi{10.1007/s40258-021-00647-3}{DOI}
| ^
Flavors: r-devel-linux-x86_64-debian-clang, r-devel-linux-x86_64-debian-gcc
Version: 0.0.1
Check: data for non-ASCII characters
Result: NOTE
Note: found 122 marked UTF-8 strings
Flavors: r-devel-linux-x86_64-fedora-clang, r-devel-linux-x86_64-fedora-gcc, r-oldrel-macos-arm64, r-oldrel-macos-x86_64